Last updated on 2020-12-04 00:48:25 CET.
Flavor | Version | Tinstall | Tcheck | Ttotal | Status | Flags |
---|---|---|---|---|---|---|
r-devel-linux-x86_64-debian-clang | 0.3.3 | 4.79 | 107.02 | 111.81 | OK | --no-vignettes |
r-devel-linux-x86_64-debian-gcc | 0.3.3 | 3.28 | 83.30 | 86.58 | OK | --no-vignettes |
r-devel-linux-x86_64-fedora-clang | 0.3.3 | 2218.35 | OK | |||
r-devel-linux-x86_64-fedora-gcc | 0.3.3 | 2237.78 | OK | |||
r-devel-windows-ix86+x86_64 | 0.3.3 | 7.00 | 91.00 | 98.00 | NOTE | --no-vignettes |
r-patched-linux-x86_64 | 0.3.3 | 4.40 | 103.09 | 107.49 | OK | --no-vignettes |
r-patched-solaris-x86 | 0.3.3 | 3957.30 | WARN | |||
r-release-linux-x86_64 | 0.3.3 | 3.95 | 103.92 | 107.87 | OK | --no-vignettes |
r-release-macos-x86_64 | 0.3.3 | OK | ||||
r-release-windows-ix86+x86_64 | 0.3.3 | 6.00 | 142.00 | 148.00 | NOTE | --no-vignettes |
r-oldrel-macos-x86_64 | 0.3.3 | FAIL | ||||
r-oldrel-windows-ix86+x86_64 | 0.3.3 | 5.00 | 127.00 | 132.00 | NOTE | --no-vignettes |
Version: 0.3.3
Flags: --no-vignettes
Check: package dependencies
Result: NOTE
Package suggested but not available for checking: 'doMC'
Flavors: r-devel-windows-ix86+x86_64, r-release-windows-ix86+x86_64, r-oldrel-windows-ix86+x86_64
Version: 0.3.3
Check: re-building of vignette outputs
Result: WARN
Error(s) in re-building vignettes:
...
--- re-building ‘advanced.Rmd’ using rmarkdown
Warning in engine$weave(file, quiet = quiet, encoding = enc) :
Pandoc (>= 1.12.3) and/or pandoc-citeproc not available. Falling back to R Markdown v1.
Loading required package: Matrix
Loaded glmnet 4.0-2
--- finished re-building ‘advanced.Rmd’
--- re-building ‘fixed.Rmd’ using rmarkdown
Warning in engine$weave(file, quiet = quiet, encoding = enc) :
Pandoc (>= 1.12.3) and/or pandoc-citeproc not available. Falling back to R Markdown v1.
--- finished re-building ‘fixed.Rmd’
--- re-building ‘hiv.Rmd’ using rmarkdown
Warning in engine$weave(file, quiet = quiet, encoding = enc) :
Pandoc (>= 1.12.3) and/or pandoc-citeproc not available. Falling back to R Markdown v1.
--- finished re-building ‘hiv.Rmd’
Cpu Limit Exceeded - core dumped
--- re-building ‘knockoff.Rmd’ using rmarkdown
Warning in engine$weave(file, quiet = quiet, encoding = enc) :
Pandoc (>= 1.12.3) and/or pandoc-citeproc not available. Falling back to R Markdown v1.
Loading required package: Matrix
Loaded glmnet 4.0-2
SUMMARY: processing the following file failed:
‘knockoff.Rmd’
Error: Vignette re-building failed.
Execution halted
Flavor: r-patched-solaris-x86
Version: 0.3.3
Check: re-building of vignette outputs
Result: FAIL
Flavor: r-oldrel-macos-x86_64