Last updated on 2020-12-04 00:48:25 CET.
Flavor | Version | Tinstall | Tcheck | Ttotal | Status | Flags |
---|---|---|---|---|---|---|
r-devel-linux-x86_64-debian-clang | 0.5.2 | 2.88 | 41.50 | 44.38 | OK | |
r-devel-linux-x86_64-debian-gcc | 0.6.0 | 2.75 | 34.42 | 37.17 | OK | |
r-devel-linux-x86_64-fedora-clang | 0.6.0 | 61.70 | NOTE | |||
r-devel-linux-x86_64-fedora-gcc | 0.6.0 | 52.95 | NOTE | |||
r-devel-windows-ix86+x86_64 | 0.5.2 | 5.00 | 50.00 | 55.00 | OK | |
r-patched-linux-x86_64 | 0.6.0 | 3.91 | 41.81 | 45.72 | OK | |
r-patched-solaris-x86 | 0.6.0 | 66.00 | NOTE | |||
r-release-linux-x86_64 | 0.6.0 | 3.77 | 44.61 | 48.38 | OK | |
r-release-macos-x86_64 | 0.5.2 | WARN | ||||
r-release-windows-ix86+x86_64 | 0.5.2 | 4.00 | 60.00 | 64.00 | OK | |
r-oldrel-macos-x86_64 | 0.6.0 | WARN | ||||
r-oldrel-windows-ix86+x86_64 | 0.6.0 | 4.00 | 50.00 | 54.00 | WARN |
Version: 0.6.0
Check: dependencies in R code
Result: NOTE
Namespace in Imports field not imported from: ‘methods’
All declared Imports should be used.
Flavors: r-devel-linux-x86_64-fedora-clang, r-devel-linux-x86_64-fedora-gcc, r-patched-solaris-x86, r-oldrel-macos-x86_64
Version: 0.6.0
Check: package dependencies
Result: NOTE
Package suggested but not available for checking: ‘gpg’
Flavor: r-patched-solaris-x86
Version: 0.5.2
Check: re-building of vignette outputs
Result: WARN
Error(s) in re-building vignettes:
...
--- re-building ‘data_language_engine_vignette.Rmd’ using rmarkdown_notangle
Warning in engine$weave(file, quiet = quiet, encoding = enc) :
Pandoc (>= 1.12.3) and/or pandoc-citeproc not available. Falling back to R Markdown v1.
Loading required namespace: gpg
Quitting from lines 128-129 (data_language_engine_vignette.Rmd)
Error: processing vignette 'data_language_engine_vignette.Rmd' failed with diagnostics:
object 'params' not found
--- failed re-building ‘data_language_engine_vignette.Rmd’
SUMMARY: processing the following file failed:
‘data_language_engine_vignette.Rmd’
Error: Vignette re-building failed.
Execution halted
Flavor: r-release-macos-x86_64
Version: 0.6.0
Check: re-building of vignette outputs
Result: WARN
Error(s) in re-building vignettes:
...
--- re-building ‘data_language_engine_vignette.Rmd’ using rmarkdown_notangle
Warning in engine$weave(file, quiet = quiet, encoding = enc) :
Pandoc (>= 1.12.3) and/or pandoc-citeproc not available. Falling back to R Markdown v1.
Loading required namespace: gpg
Quitting from lines 134-135 (data_language_engine_vignette.Rmd)
Error: processing vignette 'data_language_engine_vignette.Rmd' failed with diagnostics:
object 'params' not found
--- failed re-building ‘data_language_engine_vignette.Rmd’
SUMMARY: processing the following file failed:
‘data_language_engine_vignette.Rmd’
Error: Vignette re-building failed.
Execution halted
Flavor: r-oldrel-macos-x86_64
Version: 0.6.0
Check: re-building of vignette outputs
Result: WARN
Error(s) in re-building vignettes:
--- re-building 'data_language_engine_vignette.Rmd' using rmarkdown_notangle
Loading required namespace: gpg
Warning in engine(options) :
Non-empty data chunk, but given external.file chunk option. Using external file and ignoring data chunk contents.
Quitting from lines 838-840 (data_language_engine_vignette.Rmd)
Error: processing vignette 'data_language_engine_vignette.Rmd' failed with diagnostics:
data corrupted!
--- failed re-building 'data_language_engine_vignette.Rmd'
SUMMARY: processing the following file failed:
'data_language_engine_vignette.Rmd'
Error: Vignette re-building failed.
Execution halted
Flavor: r-oldrel-windows-ix86+x86_64