CRAN Package Check Results for Package knitrProgressBar

Last updated on 2020-12-04 00:48:25 CET.

Flavor Version Tinstall Tcheck Ttotal Status Flags
r-devel-linux-x86_64-debian-clang 1.1.0 4.49 32.08 36.57 NOTE
r-devel-linux-x86_64-debian-gcc 1.1.0 4.00 26.80 30.80 NOTE
r-devel-linux-x86_64-fedora-clang 1.1.0 48.36 NOTE
r-devel-linux-x86_64-fedora-gcc 1.1.0 39.81 NOTE
r-devel-windows-ix86+x86_64 1.1.0 8.00 42.00 50.00 OK
r-patched-linux-x86_64 1.1.0 4.70 30.09 34.79 NOTE
r-patched-solaris-x86 1.1.0 60.10 NOTE
r-release-linux-x86_64 1.1.0 4.12 29.97 34.09 NOTE
r-release-macos-x86_64 1.1.0 OK
r-release-windows-ix86+x86_64 1.1.0 7.00 41.00 48.00 OK
r-oldrel-macos-x86_64 1.1.0 OK
r-oldrel-windows-ix86+x86_64 1.1.0 6.00 46.00 52.00 OK

Check Details

Version: 1.1.0
Check: for non-standard things in the check directory
Result: NOTE
    Found the following files/directories:
     'Killed after '
Flavors: r-devel-linux-x86_64-debian-clang, r-devel-linux-x86_64-debian-gcc, r-devel-linux-x86_64-fedora-clang, r-devel-linux-x86_64-fedora-gcc, r-patched-linux-x86_64, r-patched-solaris-x86, r-release-linux-x86_64