Last updated on 2020-12-04 00:48:25 CET.
Flavor | Version | Tinstall | Tcheck | Ttotal | Status | Flags |
---|---|---|---|---|---|---|
r-devel-linux-x86_64-debian-clang | 0.1.0 | 10.36 | 61.91 | 72.27 | OK | |
r-devel-linux-x86_64-debian-gcc | 0.1.0 | 8.10 | 48.51 | 56.61 | OK | |
r-devel-linux-x86_64-fedora-clang | 0.1.0 | 90.16 | NOTE | |||
r-devel-linux-x86_64-fedora-gcc | 0.1.0 | 82.05 | NOTE | |||
r-devel-windows-ix86+x86_64 | 0.1.0 | 22.00 | 66.00 | 88.00 | OK | |
r-patched-linux-x86_64 | 0.1.0 | 12.10 | 58.87 | 70.97 | OK | |
r-patched-solaris-x86 | 0.1.0 | 121.00 | NOTE | |||
r-release-linux-x86_64 | 0.1.0 | 9.18 | 57.43 | 66.61 | OK | |
r-release-macos-x86_64 | 0.1.0 | NOTE | ||||
r-release-windows-ix86+x86_64 | 0.1.0 | 17.00 | 62.00 | 79.00 | OK | |
r-oldrel-macos-x86_64 | 0.1.0 | ERROR |
Version: 0.1.0
Check: dependencies in R code
Result: NOTE
Namespaces in Imports field not imported from:
‘Biostrings’ ‘Rsamtools’ ‘rtracklayer’
All declared Imports should be used.
Flavors: r-devel-linux-x86_64-fedora-clang, r-devel-linux-x86_64-fedora-gcc, r-patched-solaris-x86, r-release-macos-x86_64
Version: 0.1.0
Check: whether package can be installed
Result: ERROR
Installation failed.
Flavor: r-oldrel-macos-x86_64