Last updated on 2020-12-04 00:48:25 CET.
Flavor | Version | Tinstall | Tcheck | Ttotal | Status | Flags |
---|---|---|---|---|---|---|
r-devel-linux-x86_64-debian-clang | 0.1.0 | 7.33 | 61.15 | 68.48 | OK | |
r-devel-linux-x86_64-debian-gcc | 0.1.0 | 6.18 | 53.63 | 59.81 | OK | |
r-devel-linux-x86_64-fedora-clang | 0.1.0 | 87.63 | OK | |||
r-devel-linux-x86_64-fedora-gcc | 0.1.0 | 79.09 | OK | |||
r-devel-windows-ix86+x86_64 | 0.1.0 | 15.00 | 64.00 | 79.00 | OK | |
r-patched-linux-x86_64 | 0.1.0 | 8.00 | 59.37 | 67.37 | OK | |
r-patched-solaris-x86 | 0.1.0 | 123.30 | OK | |||
r-release-linux-x86_64 | 0.1.0 | 6.77 | 58.69 | 65.46 | OK | |
r-release-macos-x86_64 | 0.1.0 | OK | ||||
r-release-windows-ix86+x86_64 | 0.1.0 | 12.00 | 83.00 | 95.00 | OK | |
r-oldrel-macos-x86_64 | 0.1.0 | WARN | ||||
r-oldrel-windows-ix86+x86_64 | 0.1.0 | 10.00 | 83.00 | 93.00 | OK |
Version: 0.1.0
Check: whether package can be installed
Result: WARN
Found the following significant warnings:
Warning: 'rgl_init' failed, running with rgl.useNULL = TRUE
Flavor: r-oldrel-macos-x86_64