Last updated on 2020-12-04 00:48:25 CET.
Flavor | Version | Tinstall | Tcheck | Ttotal | Status | Flags |
---|---|---|---|---|---|---|
r-devel-linux-x86_64-debian-clang | 1.0.0 | 66.50 | 34.17 | 100.67 | OK | |
r-devel-linux-x86_64-debian-gcc | 1.0.0 | 44.80 | 29.68 | 74.48 | OK | |
r-devel-linux-x86_64-fedora-clang | 1.0.0 | 146.97 | NOTE | |||
r-devel-linux-x86_64-fedora-gcc | 1.0.0 | 122.26 | OK | |||
r-devel-windows-ix86+x86_64 | 1.0.0 | 148.00 | 64.00 | 212.00 | OK | |
r-patched-linux-x86_64 | 1.0.0 | 52.92 | 32.52 | 85.44 | OK | |
r-patched-solaris-x86 | 1.0.0 | 123.50 | OK | |||
r-release-linux-x86_64 | 1.0.0 | 53.08 | 33.08 | 86.16 | OK | |
r-release-macos-x86_64 | 1.0.0 | NOTE | ||||
r-release-windows-ix86+x86_64 | 1.0.0 | 111.00 | 77.00 | 188.00 | OK | |
r-oldrel-macos-x86_64 | 1.0.0 | NOTE | ||||
r-oldrel-windows-ix86+x86_64 | 1.0.0 | 110.00 | 69.00 | 179.00 | OK |
Version: 1.0.0
Check: installed package size
Result: NOTE
installed size is 10.1Mb
sub-directories of 1Mb or more:
libs 9.9Mb
Flavors: r-devel-linux-x86_64-fedora-clang, r-release-macos-x86_64, r-oldrel-macos-x86_64