CRAN Package Check Results for Package kdtools

Last updated on 2020-12-04 00:48:25 CET.

Flavor Version Tinstall Tcheck Ttotal Status Flags
r-devel-linux-x86_64-debian-clang 0.4.2 243.87 143.47 387.34 OK
r-devel-linux-x86_64-debian-gcc 0.4.2 76.73 93.82 170.55 OK
r-devel-linux-x86_64-fedora-clang 0.4.2 313.05 NOTE
r-devel-linux-x86_64-fedora-gcc 0.4.2 297.12 OK
r-devel-windows-ix86+x86_64 0.4.2 193.00 151.00 344.00 NOTE
r-patched-linux-x86_64 0.4.2 89.52 117.46 206.98 OK
r-patched-solaris-x86 0.4.2 370.30 OK
r-release-linux-x86_64 0.4.2 89.10 118.75 207.85 OK
r-release-macos-x86_64 0.4.2 NOTE
r-release-windows-ix86+x86_64 0.4.2 155.00 162.00 317.00 NOTE
r-oldrel-macos-x86_64 0.4.2 NOTE
r-oldrel-windows-ix86+x86_64 0.4.2 166.00 179.00 345.00 NOTE

Check Details

Version: 0.4.2
Check: installed package size
Result: NOTE
     installed size is 15.9Mb
     sub-directories of 1Mb or more:
     libs 14.5Mb
Flavors: r-devel-linux-x86_64-fedora-clang, r-devel-windows-ix86+x86_64, r-release-macos-x86_64, r-release-windows-ix86+x86_64, r-oldrel-macos-x86_64, r-oldrel-windows-ix86+x86_64