Last updated on 2020-12-04 00:48:25 CET.
Flavor | Version | Tinstall | Tcheck | Ttotal | Status | Flags |
---|---|---|---|---|---|---|
r-devel-linux-x86_64-debian-clang | 0.1.5 | 5.45 | 63.70 | 69.15 | NOTE | |
r-devel-linux-x86_64-debian-gcc | 0.1.5 | 4.85 | 51.14 | 55.99 | NOTE | |
r-devel-linux-x86_64-fedora-clang | 0.1.5 | 90.06 | NOTE | |||
r-devel-linux-x86_64-fedora-gcc | 0.1.5 | 79.75 | NOTE | |||
r-devel-windows-ix86+x86_64 | 0.1.5 | 13.00 | 67.00 | 80.00 | NOTE | |
r-patched-linux-x86_64 | 0.1.5 | 5.44 | 60.63 | 66.07 | NOTE | |
r-patched-solaris-x86 | 0.1.5 | 121.40 | NOTE | |||
r-release-linux-x86_64 | 0.1.5 | 4.98 | 61.65 | 66.63 | NOTE | |
r-release-macos-x86_64 | 0.1.5 | NOTE | ||||
r-release-windows-ix86+x86_64 | 0.1.5 | 10.00 | 74.00 | 84.00 | NOTE | |
r-oldrel-macos-x86_64 | 0.1.5 | NOTE | ||||
r-oldrel-windows-ix86+x86_64 | 0.1.5 | 11.00 | 87.00 | 98.00 | NOTE |
Version: 0.1.5
Check: R code for possible problems
Result: NOTE
as.matrix.multiPhylo : tip2tip: no visible global function definition
for 'cophenetic'
bw.nn : <anonymous>: no visible global function definition for
'quantile'
dist.diss: no visible binding for global variable 'median'
dist.diss: no visible global function definition for 'dist'
hist.kdetrees: no visible binding for global variable 'density'
kdetrees : cutoff: no visible global function definition for 'quantile'
kdetrees.complete: no visible global function definition for 'hist'
kdetrees.complete: no visible global function definition for
'write.csv'
plot.kdetrees: no visible binding for global variable 'density'
Undefined global functions or variables:
cophenetic density dist hist median quantile write.csv
Consider adding
importFrom("graphics", "hist")
importFrom("stats", "cophenetic", "density", "dist", "median",
"quantile")
importFrom("utils", "write.csv")
to your NAMESPACE file.
Flavors: r-devel-linux-x86_64-debian-clang, r-devel-linux-x86_64-debian-gcc, r-devel-linux-x86_64-fedora-clang, r-devel-linux-x86_64-fedora-gcc, r-devel-windows-ix86+x86_64, r-patched-linux-x86_64, r-patched-solaris-x86, r-release-linux-x86_64, r-release-macos-x86_64, r-release-windows-ix86+x86_64
Version: 0.1.5
Check: R code for possible problems
Result: NOTE
as.matrix.multiPhylo : tip2tip: no visible global function definition
for ‘cophenetic’
bw.nn : <anonymous>: no visible global function definition for
‘quantile’
dist.diss: no visible binding for global variable ‘median’
dist.diss: no visible global function definition for ‘dist’
hist.kdetrees: no visible binding for global variable ‘density’
kdetrees : cutoff: no visible global function definition for ‘quantile’
kdetrees.complete: no visible global function definition for ‘plot’
kdetrees.complete: no visible global function definition for ‘hist’
kdetrees.complete: no visible global function definition for
‘write.csv’
plot.kdetrees: no visible binding for global variable ‘density’
Undefined global functions or variables:
cophenetic density dist hist median plot quantile write.csv
Consider adding
importFrom("graphics", "hist", "plot")
importFrom("stats", "cophenetic", "density", "dist", "median",
"quantile")
importFrom("utils", "write.csv")
to your NAMESPACE file.
Flavors: r-oldrel-macos-x86_64, r-oldrel-windows-ix86+x86_64