Last updated on 2020-12-04 00:48:25 CET.
Flavor | Version | Tinstall | Tcheck | Ttotal | Status | Flags |
---|---|---|---|---|---|---|
r-devel-linux-x86_64-debian-clang | 0.4-7 | 15.44 | 103.45 | 118.89 | NOTE | |
r-devel-linux-x86_64-debian-gcc | 0.4-7 | 10.53 | 81.62 | 92.15 | NOTE | |
r-devel-linux-x86_64-fedora-clang | 0.4-7 | 146.95 | NOTE | |||
r-devel-linux-x86_64-fedora-gcc | 0.4-7 | 138.59 | NOTE | |||
r-devel-windows-ix86+x86_64 | 0.4-7 | 34.00 | 157.00 | 191.00 | OK | |
r-patched-linux-x86_64 | 0.4-7 | 12.95 | 100.40 | 113.35 | NOTE | |
r-patched-solaris-x86 | 0.4-7 | 198.30 | NOTE | |||
r-release-linux-x86_64 | 0.4-7 | 12.04 | 98.67 | 110.71 | NOTE | |
r-release-macos-x86_64 | 0.4-7 | OK | ||||
r-release-windows-ix86+x86_64 | 0.4-7 | 28.00 | 162.00 | 190.00 | OK | |
r-oldrel-macos-x86_64 | 0.4-7 | OK | ||||
r-oldrel-windows-ix86+x86_64 | 0.4-7 | 49.00 | 251.00 | 300.00 | OK |
Version: 0.4-7
Check: for non-standard things in the check directory
Result: NOTE
Found the following files/directories:
'my.Mobius.set.func.csv' 'my.card.set.func.csv' 'my.set.func.csv'
Flavors: r-devel-linux-x86_64-debian-clang, r-devel-linux-x86_64-debian-gcc, r-devel-linux-x86_64-fedora-clang, r-devel-linux-x86_64-fedora-gcc, r-patched-linux-x86_64, r-patched-solaris-x86, r-release-linux-x86_64
Version: 0.4-7
Check: compiled code
Result: NOTE
File ‘kappalab/libs/kappalab.so’:
Found no calls to: ‘R_registerRoutines’, ‘R_useDynamicSymbols’
It is good practice to register native routines and to disable symbol
search.
See ‘Writing portable packages’ in the ‘Writing R Extensions’ manual.
Flavors: r-devel-linux-x86_64-fedora-clang, r-devel-linux-x86_64-fedora-gcc