Last updated on 2020-12-04 00:48:24 CET.
Flavor | Version | Tinstall | Tcheck | Ttotal | Status | Flags |
---|---|---|---|---|---|---|
r-devel-linux-x86_64-debian-clang | 0.3.4 | 4.41 | 67.11 | 71.52 | OK | |
r-devel-linux-x86_64-debian-gcc | 0.3.4 | 3.74 | 53.31 | 57.05 | OK | |
r-devel-linux-x86_64-fedora-clang | 0.3.4 | 95.34 | OK | |||
r-devel-linux-x86_64-fedora-gcc | 0.3.4 | 85.15 | OK | |||
r-devel-windows-ix86+x86_64 | 0.3.4 | 11.00 | 61.00 | 72.00 | OK | |
r-patched-linux-x86_64 | 0.3.4 | 4.51 | 66.58 | 71.09 | OK | |
r-release-linux-x86_64 | 0.3.4 | 4.73 | 68.35 | 73.08 | OK | |
r-release-macos-x86_64 | 0.3.4 | OK | ||||
r-release-windows-ix86+x86_64 | 0.3.4 | 9.00 | 63.00 | 72.00 | OK | |
r-oldrel-macos-x86_64 | 0.3.4 | OK | ||||
r-oldrel-windows-ix86+x86_64 | 0.3.4 | 4.00 | 7.00 | 11.00 | ERROR |
Version: 0.3.4
Check: whether package can be installed
Result: ERROR
Installation failed.
Flavor: r-oldrel-windows-ix86+x86_64