Last updated on 2020-12-04 00:48:24 CET.
Flavor | Version | Tinstall | Tcheck | Ttotal | Status | Flags |
---|---|---|---|---|---|---|
r-devel-linux-x86_64-debian-clang | 1.2.1 | 78.16 | 34.49 | 112.65 | OK | |
r-devel-linux-x86_64-debian-gcc | 1.2.1 | 51.77 | 28.19 | 79.96 | OK | |
r-devel-linux-x86_64-fedora-clang | 1.2.1 | 166.49 | NOTE | |||
r-devel-linux-x86_64-fedora-gcc | 1.2.1 | 140.99 | OK | |||
r-devel-windows-ix86+x86_64 | 1.2.1 | 175.00 | 63.00 | 238.00 | OK | |
r-patched-linux-x86_64 | 1.2.1 | 63.93 | 35.75 | 99.68 | OK | |
r-patched-solaris-x86 | 1.2.1 | 130.70 | OK | |||
r-release-linux-x86_64 | 1.2.1 | 63.47 | 34.57 | 98.04 | OK | |
r-release-macos-x86_64 | 1.2.1 | NOTE | ||||
r-release-windows-ix86+x86_64 | 1.2.1 | 135.00 | 69.00 | 204.00 | OK | |
r-oldrel-macos-x86_64 | 1.2.1 | NOTE | ||||
r-oldrel-windows-ix86+x86_64 | 1.2.1 | 143.00 | 75.00 | 218.00 | OK |
Version: 1.2.1
Check: installed package size
Result: NOTE
installed size is 7.2Mb
sub-directories of 1Mb or more:
doc 1.2Mb
libs 5.8Mb
Flavors: r-devel-linux-x86_64-fedora-clang, r-release-macos-x86_64, r-oldrel-macos-x86_64