CRAN Package Check Results for Package jsmodule

Last updated on 2020-12-04 00:48:24 CET.

Flavor Version Tinstall Tcheck Ttotal Status Flags
r-devel-linux-x86_64-debian-clang 1.1.4 33.51 212.97 246.48 OK
r-devel-linux-x86_64-debian-gcc 1.1.4 28.30 161.27 189.57 OK
r-devel-linux-x86_64-fedora-clang 1.1.4 308.28 NOTE
r-devel-linux-x86_64-fedora-gcc 1.1.4 308.19 NOTE
r-devel-windows-ix86+x86_64 1.1.4 66.00 247.00 313.00 OK
r-patched-linux-x86_64 1.1.4 26.34 197.18 223.52 OK
r-patched-solaris-x86 1.1.4 381.80 NOTE
r-release-linux-x86_64 1.1.4 22.94 197.05 219.99 OK
r-release-macos-x86_64 1.1.4 NOTE
r-release-windows-ix86+x86_64 1.1.3 47.00 192.00 239.00 OK
r-oldrel-macos-x86_64 1.1.4 NOTE
r-oldrel-windows-ix86+x86_64 1.1.4 51.00 189.00 240.00 OK

Check Details

Version: 1.1.4
Check: package dependencies
Result: NOTE
    Imports includes 31 non-default packages.
    Importing from so many packages makes the package vulnerable to any of
    them becoming unavailable. Move as many as possible to Suggests and
    use conditionally.
Flavor: r-devel-linux-x86_64-fedora-clang

Version: 1.1.4
Check: dependencies in R code
Result: NOTE
    Namespaces in Imports field not imported from:
     ‘Cairo’ ‘survC1’
     All declared Imports should be used.
Flavors: r-devel-linux-x86_64-fedora-clang, r-devel-linux-x86_64-fedora-gcc, r-patched-solaris-x86, r-release-macos-x86_64, r-oldrel-macos-x86_64