CRAN Package Check Results for Package jpmesh

Last updated on 2020-12-04 00:48:24 CET.

Flavor Version Tinstall Tcheck Ttotal Status Flags
r-devel-linux-x86_64-debian-clang 2.0.0 11.48 184.03 195.51 OK
r-devel-linux-x86_64-debian-gcc 2.0.0 10.89 141.06 151.95 OK
r-devel-linux-x86_64-fedora-clang 2.0.0 233.95 NOTE
r-devel-linux-x86_64-fedora-gcc 2.0.0 226.81 NOTE
r-devel-windows-ix86+x86_64 2.0.0 24.00 172.00 196.00 OK
r-patched-linux-x86_64 2.0.0 10.65 181.50 192.15 OK
r-patched-solaris-x86 2.0.0 285.90 NOTE
r-release-linux-x86_64 2.0.0 10.99 179.62 190.61 OK
r-release-macos-x86_64 2.0.0 NOTE
r-release-windows-ix86+x86_64 2.0.0 17.00 179.00 196.00 OK
r-oldrel-macos-x86_64 2.0.0 NOTE
r-oldrel-windows-ix86+x86_64 2.0.0 16.00 191.00 207.00 OK

Check Details

Version: 2.0.0
Check: data for non-ASCII characters
Result: NOTE
     Note: found 176 marked UTF-8 strings
Flavors: r-devel-linux-x86_64-fedora-clang, r-devel-linux-x86_64-fedora-gcc, r-patched-solaris-x86, r-release-macos-x86_64, r-oldrel-macos-x86_64