Last updated on 2020-12-04 00:48:24 CET.
Flavor | Version | Tinstall | Tcheck | Ttotal | Status | Flags |
---|---|---|---|---|---|---|
r-devel-linux-x86_64-debian-clang | 0.2.2 | 29.61 | 59.73 | 89.34 | OK | |
r-devel-linux-x86_64-debian-gcc | 0.2.2 | 28.22 | 46.06 | 74.28 | OK | |
r-devel-linux-x86_64-fedora-clang | 0.2.2 | 115.37 | NOTE | |||
r-devel-linux-x86_64-fedora-gcc | 0.2.2 | 106.94 | NOTE | |||
r-devel-windows-ix86+x86_64 | 0.2.2 | 50.00 | 61.00 | 111.00 | OK | |
r-patched-linux-x86_64 | 0.2.2 | 30.02 | 55.93 | 85.95 | OK | |
r-patched-solaris-x86 | 0.2.2 | 197.00 | NOTE | |||
r-release-linux-x86_64 | 0.2.2 | 28.59 | 55.10 | 83.69 | OK | |
r-release-macos-x86_64 | 0.2.2 | NOTE | ||||
r-release-windows-ix86+x86_64 | 0.2.2 | 42.00 | 65.00 | 107.00 | OK | |
r-oldrel-macos-x86_64 | 0.2.2 | ERROR |
Version: 0.2.2
Check: dependencies in R code
Result: NOTE
Namespaces in Imports field not imported from:
‘stringi’ ‘usethis’
All declared Imports should be used.
Flavors: r-devel-linux-x86_64-fedora-clang, r-devel-linux-x86_64-fedora-gcc, r-patched-solaris-x86, r-release-macos-x86_64
Version: 0.2.2
Check: whether package can be installed
Result: ERROR
Installation failed.
Flavor: r-oldrel-macos-x86_64