CRAN Package Check Results for Package joinet

Last updated on 2020-12-04 00:48:24 CET.

Flavor Version Tinstall Tcheck Ttotal Status Flags
r-devel-linux-x86_64-debian-clang 0.0.6 3.03 66.15 69.18 NOTE
r-devel-linux-x86_64-debian-gcc 0.0.6 2.69 50.74 53.43 NOTE
r-devel-linux-x86_64-fedora-clang 0.0.6 85.75 NOTE
r-devel-linux-x86_64-fedora-gcc 0.0.6 77.92 NOTE
r-devel-windows-ix86+x86_64 0.0.6 6.00 68.00 74.00 OK
r-patched-linux-x86_64 0.0.6 3.04 62.25 65.29 NOTE
r-patched-solaris-x86 0.0.6 61.80 NOTE
r-release-linux-x86_64 0.0.6 3.04 62.96 66.00 NOTE
r-release-macos-x86_64 0.0.6 OK
r-release-windows-ix86+x86_64 0.0.6 7.00 70.00 77.00 OK
r-oldrel-macos-x86_64 0.0.6 OK
r-oldrel-windows-ix86+x86_64 0.0.6 4.00 78.00 82.00 OK

Check Details

Version: 0.0.6
Check: package dependencies
Result: NOTE
    Package which this enhances but not available for checking: 'MRCE'
Flavors: r-devel-linux-x86_64-debian-clang, r-devel-linux-x86_64-debian-gcc, r-devel-linux-x86_64-fedora-clang, r-devel-linux-x86_64-fedora-gcc, r-patched-linux-x86_64, r-patched-solaris-x86, r-release-linux-x86_64