Last updated on 2020-12-04 00:48:24 CET.
Flavor | Version | Tinstall | Tcheck | Ttotal | Status | Flags |
---|---|---|---|---|---|---|
r-devel-linux-x86_64-debian-clang | 1.0.1 | 7.92 | 70.09 | 78.01 | OK | |
r-devel-linux-x86_64-debian-gcc | 1.0.1 | 6.83 | 51.52 | 58.35 | OK | |
r-devel-linux-x86_64-fedora-clang | 1.0.1 | 95.35 | OK | |||
r-devel-linux-x86_64-fedora-gcc | 1.0.1 | 89.18 | OK | |||
r-devel-windows-ix86+x86_64 | 1.0.1 | 16.00 | 67.00 | 83.00 | OK | |
r-patched-linux-x86_64 | 1.0.1 | 8.03 | 63.01 | 71.04 | OK | |
r-patched-solaris-x86 | 1.0.1 | 123.80 | OK | |||
r-release-linux-x86_64 | 1.0.1 | 6.76 | 63.34 | 70.10 | OK | |
r-release-macos-x86_64 | 1.0.1 | OK | ||||
r-release-windows-ix86+x86_64 | 1.0.1 | 14.00 | 86.00 | 100.00 | OK | |
r-oldrel-macos-x86_64 | 1.0.1 | OK | ||||
r-oldrel-windows-ix86+x86_64 | 1.0.1 | 6.00 | 7.00 | 13.00 | ERROR |
Version: 1.0.1
Check: whether package can be installed
Result: ERROR
Installation failed.
Flavor: r-oldrel-windows-ix86+x86_64