Last updated on 2020-12-04 00:48:24 CET.
Flavor | Version | Tinstall | Tcheck | Ttotal | Status | Flags |
---|---|---|---|---|---|---|
r-devel-linux-x86_64-debian-clang | 1.7.2 | 3.74 | 34.36 | 38.10 | OK | |
r-devel-linux-x86_64-debian-gcc | 1.7.2 | 3.72 | 29.13 | 32.85 | OK | |
r-devel-linux-x86_64-fedora-clang | 1.7.2 | 50.83 | NOTE | |||
r-devel-linux-x86_64-fedora-gcc | 1.7.2 | 39.81 | NOTE | |||
r-devel-windows-ix86+x86_64 | 1.7.2 | 8.00 | 39.00 | 47.00 | OK | |
r-patched-linux-x86_64 | 1.7.2 | 4.46 | 34.15 | 38.61 | OK | |
r-patched-solaris-x86 | 1.7.2 | 63.90 | NOTE | |||
r-release-linux-x86_64 | 1.7.2 | 4.39 | 33.80 | 38.19 | OK | |
r-release-macos-x86_64 | 1.7.2 | NOTE | ||||
r-release-windows-ix86+x86_64 | 1.7.2 | 8.00 | 41.00 | 49.00 | OK | |
r-oldrel-macos-x86_64 | 1.7.2 | NOTE | ||||
r-oldrel-windows-ix86+x86_64 | 1.7.2 | 10.00 | 44.00 | 54.00 | OK |
Version: 1.7.2
Check: dependencies in R code
Result: NOTE
Namespaces in Imports field not imported from:
‘MASS’ ‘ggExtra’ ‘ggplot2’ ‘grid’ ‘gridExtra’ ‘mcmcplots’
All declared Imports should be used.
Flavors: r-devel-linux-x86_64-fedora-clang, r-devel-linux-x86_64-fedora-gcc, r-patched-solaris-x86, r-release-macos-x86_64, r-oldrel-macos-x86_64