CRAN Package Check Results for Package jackstraw

Last updated on 2020-12-04 00:48:24 CET.

Flavor Version Tinstall Tcheck Ttotal Status Flags
r-devel-linux-x86_64-debian-clang 1.3 12.70 156.63 169.33 OK
r-devel-linux-x86_64-debian-gcc 1.3 10.20 115.93 126.13 OK
r-devel-linux-x86_64-fedora-clang 1.3 205.14 OK
r-devel-linux-x86_64-fedora-gcc 1.3 198.69 OK
r-devel-windows-ix86+x86_64 1.3 25.00 153.00 178.00 OK
r-patched-linux-x86_64 1.3 10.35 149.98 160.33 OK
r-patched-solaris-x86 1.3 278.90 OK
r-release-linux-x86_64 1.3 11.23 143.73 154.96 OK
r-release-macos-x86_64 1.3 ERROR
r-release-windows-ix86+x86_64 1.3 19.00 196.00 215.00 OK
r-oldrel-macos-x86_64 1.3 OK
r-oldrel-windows-ix86+x86_64 1.3 23.00 185.00 208.00 OK

Check Details

Version: 1.3
Check: package dependencies
Result: ERROR
    Package required but not available: ‘lfa’
    
    See section ‘The DESCRIPTION file’ in the ‘Writing R Extensions’
    manual.
Flavor: r-release-macos-x86_64