CRAN Package Check Results for Package jSonarR

Last updated on 2020-12-04 00:48:24 CET.

Flavor Version Tinstall Tcheck Ttotal Status Flags
r-devel-linux-x86_64-debian-clang 1.1.1 3.52 31.38 34.90 NOTE
r-devel-linux-x86_64-debian-gcc 1.1.1 2.35 25.58 27.93 NOTE
r-devel-linux-x86_64-fedora-clang 1.1.1 45.74 NOTE
r-devel-linux-x86_64-fedora-gcc 1.1.1 35.47 NOTE
r-devel-windows-ix86+x86_64 1.1.1 6.00 35.00 41.00 NOTE
r-patched-linux-x86_64 1.1.1 3.00 28.21 31.21 NOTE
r-patched-solaris-x86 1.1.1 54.80 NOTE
r-release-linux-x86_64 1.1.1 3.22 29.75 32.97 NOTE
r-release-macos-x86_64 1.1.1 NOTE
r-release-windows-ix86+x86_64 1.1.1 4.00 45.00 49.00 NOTE
r-oldrel-macos-x86_64 1.1.1 NOTE
r-oldrel-windows-ix86+x86_64 1.1.1 4.00 41.00 45.00 NOTE

Check Details

Version: 1.1.1
Check: R code for possible problems
Result: NOTE
    sonarCSV: no visible global function definition for 'read.csv'
    Undefined global functions or variables:
     read.csv
    Consider adding
     importFrom("utils", "read.csv")
    to your NAMESPACE file.
Flavors: r-devel-linux-x86_64-debian-clang, r-devel-linux-x86_64-debian-gcc, r-devel-linux-x86_64-fedora-clang, r-devel-linux-x86_64-fedora-gcc, r-devel-windows-ix86+x86_64, r-patched-linux-x86_64, r-patched-solaris-x86, r-release-linux-x86_64, r-release-macos-x86_64, r-release-windows-ix86+x86_64, r-oldrel-macos-x86_64, r-oldrel-windows-ix86+x86_64