CRAN Package Check Results for Package jSDM

Last updated on 2020-12-04 00:48:24 CET.

Flavor Version Tinstall Tcheck Ttotal Status Flags
r-devel-linux-x86_64-debian-clang 0.1.0 61.73 84.09 145.82 OK
r-devel-linux-x86_64-debian-gcc 0.1.0 39.44 63.54 102.98 OK
r-devel-linux-x86_64-fedora-clang 0.1.0 196.79 NOTE
r-devel-linux-x86_64-fedora-gcc 0.1.0 176.03 NOTE
r-devel-windows-ix86+x86_64 0.1.0 146.00 135.00 281.00 OK
r-patched-linux-x86_64 0.1.0 50.63 80.27 130.90 OK
r-patched-solaris-x86 0.1.0 214.20 OK
r-release-linux-x86_64 0.1.0 49.42 80.12 129.54 OK
r-release-macos-x86_64 0.1.0 NOTE
r-release-windows-ix86+x86_64 0.1.0 115.00 146.00 261.00 OK
r-oldrel-macos-x86_64 0.1.0 NOTE
r-oldrel-windows-ix86+x86_64 0.1.0 109.00 159.00 268.00 OK

Check Details

Version: 0.1.0
Check: top-level files
Result: NOTE
    ‘cleanup’: /bin/bash is not portable
Flavors: r-devel-linux-x86_64-fedora-clang, r-devel-linux-x86_64-fedora-gcc

Version: 0.1.0
Check: installed package size
Result: NOTE
     installed size is 6.0Mb
     sub-directories of 1Mb or more:
     doc 1.5Mb
     libs 4.2Mb
Flavors: r-release-macos-x86_64, r-oldrel-macos-x86_64