CRAN Package Check Results for Package ivsacim

Last updated on 2020-12-04 00:48:24 CET.

Flavor Version Tinstall Tcheck Ttotal Status Flags
r-devel-linux-x86_64-debian-clang 1.0 25.36 65.68 91.04 OK
r-devel-linux-x86_64-debian-gcc 1.0 16.77 54.23 71.00 OK
r-devel-linux-x86_64-fedora-clang 1.0 118.95 NOTE
r-devel-linux-x86_64-fedora-gcc 1.0 106.02 NOTE
r-devel-windows-ix86+x86_64 1.0 57.00 96.00 153.00 OK
r-patched-linux-x86_64 1.0 19.38 62.50 81.88 OK
r-patched-solaris-x86 1.0 142.80 NOTE
r-release-linux-x86_64 1.0 21.22 61.30 82.52 OK
r-release-macos-x86_64 1.0 NOTE
r-release-windows-ix86+x86_64 1.0 43.00 118.00 161.00 OK
r-oldrel-macos-x86_64 1.0 NOTE
r-oldrel-windows-ix86+x86_64 1.0 44.00 108.00 152.00 OK

Check Details

Version: 1.0
Check: dependencies in R code
Result: NOTE
    Namespace in Imports field not imported from: ‘timereg’
     All declared Imports should be used.
Flavors: r-devel-linux-x86_64-fedora-clang, r-devel-linux-x86_64-fedora-gcc, r-patched-solaris-x86, r-release-macos-x86_64, r-oldrel-macos-x86_64