CRAN Package Check Results for Package ivpanel

Last updated on 2020-12-04 00:48:24 CET.

Flavor Version Tinstall Tcheck Ttotal Status Flags
r-devel-linux-x86_64-debian-clang 1.0 2.14 22.11 24.25 NOTE
r-devel-linux-x86_64-debian-gcc 1.0 1.77 18.16 19.93 NOTE
r-devel-linux-x86_64-fedora-clang 1.0 36.78 NOTE
r-devel-linux-x86_64-fedora-gcc 1.0 26.89 NOTE
r-devel-windows-ix86+x86_64 1.0 5.00 28.00 33.00 NOTE
r-patched-linux-x86_64 1.0 1.98 23.69 25.67 NOTE
r-patched-solaris-x86 1.0 39.90 NOTE
r-release-linux-x86_64 1.0 2.25 24.34 26.59 NOTE
r-release-macos-x86_64 1.0 NOTE
r-release-windows-ix86+x86_64 1.0 4.00 28.00 32.00 NOTE
r-oldrel-macos-x86_64 1.0 NOTE
r-oldrel-windows-ix86+x86_64 1.0 4.00 40.00 44.00 NOTE

Check Details

Version: 1.0
Check: R code for possible problems
Result: NOTE
    hausman: no visible global function definition for 'pchisq'
    ivbe: no visible global function definition for 'cor'
    ivbe: no visible global function definition for 'pt'
    ivfixed: no visible global function definition for 'cor'
    ivfixed: no visible global function definition for 'pt'
    ivpan.formula: no visible global function definition for 'model.matrix'
    ivpan.formula: no visible global function definition for
     'model.response'
    ivrandom: no visible global function definition for 'cor'
    ivrandom: no visible global function definition for 'pt'
    summary.ivpan: no visible global function definition for 'printCoefmat'
    Undefined global functions or variables:
     cor model.matrix model.response pchisq printCoefmat pt
    Consider adding
     importFrom("stats", "cor", "model.matrix", "model.response", "pchisq",
     "printCoefmat", "pt")
    to your NAMESPACE file.
Flavors: r-devel-linux-x86_64-debian-clang, r-devel-linux-x86_64-debian-gcc, r-devel-linux-x86_64-fedora-clang, r-devel-linux-x86_64-fedora-gcc, r-devel-windows-ix86+x86_64, r-patched-linux-x86_64, r-patched-solaris-x86, r-release-linux-x86_64, r-release-macos-x86_64, r-release-windows-ix86+x86_64, r-oldrel-macos-x86_64, r-oldrel-windows-ix86+x86_64