CRAN Package Check Results for Package ivmte

Last updated on 2020-12-04 00:48:24 CET.

Flavor Version Tinstall Tcheck Ttotal Status Flags
r-devel-linux-x86_64-debian-clang 1.2.0 13.36 86.98 100.34 NOTE --no-vignettes
r-devel-linux-x86_64-debian-gcc 1.2.0 11.18 67.08 78.26 NOTE --no-vignettes
r-devel-linux-x86_64-fedora-clang 1.2.0 127.73 NOTE --no-vignettes
r-devel-linux-x86_64-fedora-gcc 1.2.0 118.45 NOTE --no-vignettes
r-devel-windows-ix86+x86_64 1.2.0 22.00 73.00 95.00 NOTE --no-vignettes
r-patched-linux-x86_64 1.2.0 13.44 79.06 92.50 NOTE --no-vignettes
r-patched-solaris-x86 1.2.0 142.80 NOTE --no-vignettes
r-release-linux-x86_64 1.2.0 12.83 79.30 92.13 NOTE --no-vignettes
r-release-macos-x86_64 1.2.0 NOTE
r-release-windows-ix86+x86_64 1.2.0 15.00 126.00 141.00 NOTE --no-vignettes
r-oldrel-macos-x86_64 1.2.0 NOTE
r-oldrel-windows-ix86+x86_64 1.2.0 15.00 98.00 113.00 NOTE --no-vignettes

Check Details

Version: 1.2.0
Flags: --no-vignettes
Check: package dependencies
Result: NOTE
    Package suggested but not available for checking: 'gurobi'
Flavors: r-devel-linux-x86_64-debian-clang, r-devel-linux-x86_64-debian-gcc, r-patched-linux-x86_64, r-release-linux-x86_64

Version: 1.2.0
Flags: --no-vignettes
Check: package dependencies
Result: NOTE
    Packages suggested but not available for checking: 'gurobi', 'cplexAPI'
Flavors: r-devel-linux-x86_64-fedora-clang, r-devel-linux-x86_64-fedora-gcc, r-devel-windows-ix86+x86_64, r-patched-solaris-x86, r-release-windows-ix86+x86_64, r-oldrel-windows-ix86+x86_64

Version: 1.2.0
Check: package dependencies
Result: NOTE
    Packages suggested but not available for checking: 'gurobi', 'cplexAPI'
Flavors: r-release-macos-x86_64, r-oldrel-macos-x86_64