Last updated on 2020-12-04 00:48:24 CET.
Flavor | Version | Tinstall | Tcheck | Ttotal | Status | Flags |
---|---|---|---|---|---|---|
r-devel-linux-x86_64-debian-clang | 1.0.0 | 42.19 | 123.23 | 165.42 | OK | |
r-devel-linux-x86_64-debian-gcc | 1.0.0 | 27.63 | 96.71 | 124.34 | OK | |
r-devel-linux-x86_64-fedora-clang | 1.0.0 | 199.68 | NOTE | |||
r-devel-linux-x86_64-fedora-gcc | 1.0.0 | 190.49 | NOTE | |||
r-devel-windows-ix86+x86_64 | 1.0.0 | 95.00 | 166.00 | 261.00 | OK | |
r-patched-linux-x86_64 | 1.0.0 | 33.88 | 112.94 | 146.82 | OK | |
r-patched-solaris-x86 | 1.0.0 | 259.00 | NOTE | |||
r-release-linux-x86_64 | 1.0.0 | 33.84 | 113.66 | 147.50 | OK | |
r-release-macos-x86_64 | 1.0.0 | NOTE | ||||
r-release-windows-ix86+x86_64 | 1.0.0 | 75.00 | 176.00 | 251.00 | OK | |
r-oldrel-macos-x86_64 | 1.0.0 | WARN | ||||
r-oldrel-windows-ix86+x86_64 | 1.0.0 | 70.00 | 192.00 | 262.00 | OK |
Version: 1.0.0
Check: dependencies in R code
Result: NOTE
Namespace in Imports field not imported from: ‘Rcpp’
All declared Imports should be used.
Flavors: r-devel-linux-x86_64-fedora-clang, r-devel-linux-x86_64-fedora-gcc, r-patched-solaris-x86, r-release-macos-x86_64, r-oldrel-macos-x86_64
Version: 1.0.0
Check: data for non-ASCII characters
Result: NOTE
Note: found 58 marked UTF-8 strings
Flavors: r-devel-linux-x86_64-fedora-clang, r-devel-linux-x86_64-fedora-gcc, r-patched-solaris-x86, r-release-macos-x86_64, r-oldrel-macos-x86_64
Version: 1.0.0
Check: whether package can be installed
Result: WARN
Found the following significant warnings:
Warning: 'rgl.init' failed, running with 'rgl.useNULL = TRUE'.
Flavor: r-oldrel-macos-x86_64