CRAN Package Check Results for Package isotree

Last updated on 2020-12-04 00:48:24 CET.

Flavor Version Tinstall Tcheck Ttotal Status Flags
r-devel-linux-x86_64-debian-clang 0.1.20 90.66 39.95 130.61 OK
r-devel-linux-x86_64-debian-gcc 0.1.20 58.67 32.87 91.54 OK
r-devel-linux-x86_64-fedora-clang 0.1.20 195.84 NOTE
r-devel-linux-x86_64-fedora-gcc 0.1.20 156.17 OK
r-devel-windows-ix86+x86_64 0.1.20 187.00 77.00 264.00 OK
r-patched-linux-x86_64 0.1.20 71.41 39.65 111.06 OK
r-patched-solaris-x86 0.1.20 149.80 OK
r-release-linux-x86_64 0.1.20 66.42 40.62 107.04 OK
r-release-macos-x86_64 0.1.20 NOTE
r-release-windows-ix86+x86_64 0.1.20 146.00 92.00 238.00 OK
r-oldrel-macos-x86_64 0.1.20 NOTE
r-oldrel-windows-ix86+x86_64 0.1.20 157.00 87.00 244.00 OK

Check Details

Version: 0.1.20
Check: installed package size
Result: NOTE
     installed size is 7.6Mb
     sub-directories of 1Mb or more:
     libs 7.4Mb
Flavors: r-devel-linux-x86_64-fedora-clang, r-release-macos-x86_64, r-oldrel-macos-x86_64