CRAN Package Check Results for Package island

Last updated on 2020-12-04 00:48:24 CET.

Flavor Version Tinstall Tcheck Ttotal Status Flags
r-devel-linux-x86_64-debian-clang 0.2.5 16.52 267.07 283.59 OK
r-devel-linux-x86_64-debian-gcc 0.2.5 10.80 201.46 212.26 OK
r-devel-linux-x86_64-fedora-clang 0.2.5 337.50 OK
r-devel-linux-x86_64-fedora-gcc 0.2.5 336.83 OK
r-devel-windows-ix86+x86_64 0.2.5 50.00 442.00 492.00 OK
r-patched-linux-x86_64 0.2.5 12.42 266.19 278.61 OK
r-patched-solaris-x86 0.2.5 464.30 OK
r-release-linux-x86_64 0.2.5 13.05 266.28 279.33 OK
r-release-macos-x86_64 0.2.5 ERROR
r-release-windows-ix86+x86_64 0.2.5 44.00 465.00 509.00 OK
r-oldrel-macos-x86_64 0.2.5 OK
r-oldrel-windows-ix86+x86_64 0.2.5 39.00 501.00 540.00 OK

Check Details

Version: 0.2.5
Check: whether package can be installed
Result: ERROR
    Installation failed.
Flavor: r-release-macos-x86_64