Last updated on 2020-12-04 00:48:24 CET.
Flavor | Version | Tinstall | Tcheck | Ttotal | Status | Flags |
---|---|---|---|---|---|---|
r-devel-linux-x86_64-debian-clang | 0.2.1 | 12.85 | 101.69 | 114.54 | NOTE | |
r-devel-linux-x86_64-debian-gcc | 0.2.1 | 9.66 | 77.23 | 86.89 | NOTE | |
r-devel-linux-x86_64-fedora-clang | 0.2.1 | 144.06 | OK | |||
r-devel-linux-x86_64-fedora-gcc | 0.2.1 | 139.03 | OK | |||
r-devel-windows-ix86+x86_64 | 0.2.1 | 28.00 | 128.00 | 156.00 | NOTE | |
r-patched-linux-x86_64 | 0.2.1 | 12.39 | 95.61 | 108.00 | NOTE | |
r-patched-solaris-x86 | 0.2.1 | 191.50 | OK | |||
r-release-linux-x86_64 | 0.2.1 | 12.82 | 94.97 | 107.79 | NOTE | |
r-release-macos-x86_64 | 0.2.1 | OK | ||||
r-release-windows-ix86+x86_64 | 0.2.1 | 22.00 | 167.00 | 189.00 | NOTE | |
r-oldrel-macos-x86_64 | 0.2.1 | FAIL | ||||
r-oldrel-windows-ix86+x86_64 | 0.2.1 | 19.00 | 155.00 | 174.00 | OK |
Version: 0.2.1
Check: package vignettes
Result: NOTE
Package vignette with placeholder title 'Vignette Title':
'irtoys-vignette.Rmd'
Flavors: r-devel-linux-x86_64-debian-clang, r-devel-linux-x86_64-debian-gcc, r-devel-windows-ix86+x86_64, r-patched-linux-x86_64, r-release-linux-x86_64, r-release-windows-ix86+x86_64
Version: 0.2.1
Check: whether package can be installed
Result: FAIL
Flavor: r-oldrel-macos-x86_64