CRAN Package Check Results for Package irace

Last updated on 2020-12-04 00:48:24 CET.

Flavor Version Tinstall Tcheck Ttotal Status Flags
r-devel-linux-x86_64-debian-clang 3.4.1 10.36 91.49 101.85 OK
r-devel-linux-x86_64-debian-gcc 3.4.1 8.25 70.16 78.41 OK
r-devel-linux-x86_64-fedora-clang 3.4.1 132.78 OK
r-devel-linux-x86_64-fedora-gcc 3.4.1 120.28 OK
r-devel-windows-ix86+x86_64 3.4.1 19.00 91.00 110.00 OK
r-patched-linux-x86_64 3.4.1 9.25 90.37 99.62 OK
r-patched-solaris-x86 3.4.1 145.50 OK
r-release-linux-x86_64 3.4.1 9.93 89.39 99.32 OK
r-release-macos-x86_64 3.4.1 NOTE
r-release-windows-ix86+x86_64 3.4.1 13.00 90.00 103.00 OK
r-oldrel-macos-x86_64 3.4.1 NOTE
r-oldrel-windows-ix86+x86_64 3.4.1 13.00 106.00 119.00 OK

Check Details

Version: 3.4.1
Check: package dependencies
Result: NOTE
    Package suggested but not available for checking: ‘Rmpi’
Flavors: r-release-macos-x86_64, r-oldrel-macos-x86_64