Last updated on 2020-12-04 00:48:24 CET.
Flavor | Version | Tinstall | Tcheck | Ttotal | Status | Flags |
---|---|---|---|---|---|---|
r-devel-linux-x86_64-debian-clang | 0.9-9 | 13.20 | 121.77 | 134.97 | OK | |
r-devel-linux-x86_64-debian-gcc | 0.9-9 | 10.88 | 93.93 | 104.81 | OK | |
r-devel-linux-x86_64-fedora-clang | 0.9-9 | 168.73 | NOTE | |||
r-devel-linux-x86_64-fedora-gcc | 0.9-9 | 159.39 | OK | |||
r-devel-windows-ix86+x86_64 | 0.9-9 | 25.00 | 168.00 | 193.00 | OK | |
r-patched-linux-x86_64 | 0.9-9 | 12.44 | 116.89 | 129.33 | OK | |
r-patched-solaris-x86 | 0.9-9 | 219.90 | OK | |||
r-release-linux-x86_64 | 0.9-9 | 11.63 | 118.22 | 129.85 | OK | |
r-release-macos-x86_64 | 0.9-9 | OK | ||||
r-release-windows-ix86+x86_64 | 0.9-9 | 20.00 | 212.00 | 232.00 | OK | |
r-oldrel-macos-x86_64 | 0.9-9 | OK | ||||
r-oldrel-windows-ix86+x86_64 | 0.9-9 | 18.00 | 195.00 | 213.00 | OK |
Version: 0.9-9
Check: Rd cross-references
Result: NOTE
Undeclared packages ‘randomForest’, ‘party’ in Rd xrefs
Flavor: r-devel-linux-x86_64-fedora-clang