CRAN Package Check Results for Package ipc

Last updated on 2020-12-04 00:48:24 CET.

Flavor Version Tinstall Tcheck Ttotal Status Flags
r-devel-linux-x86_64-debian-clang 0.1.3 8.01 30.56 38.57 OK
r-devel-linux-x86_64-debian-gcc 0.1.3 7.08 25.57 32.65 OK
r-devel-linux-x86_64-fedora-clang 0.1.3 55.75 OK
r-devel-linux-x86_64-fedora-gcc 0.1.3 48.35 OK
r-devel-windows-ix86+x86_64 0.1.3 16.00 43.00 59.00 OK
r-patched-linux-x86_64 0.1.3 9.68 31.46 41.14 OK
r-patched-solaris-x86 0.1.3 82.60 NOTE
r-release-linux-x86_64 0.1.3 8.18 31.18 39.36 OK
r-release-macos-x86_64 0.1.3 OK
r-release-windows-ix86+x86_64 0.1.3 11.00 45.00 56.00 OK
r-oldrel-macos-x86_64 0.1.3 OK
r-oldrel-windows-ix86+x86_64 0.1.3 12.00 49.00 61.00 OK

Check Details

Version: 0.1.3
Check: package dependencies
Result: NOTE
    Package suggested but not available for checking: ‘redux’
Flavor: r-patched-solaris-x86