Last updated on 2020-12-04 00:48:24 CET.
Flavor | Version | Tinstall | Tcheck | Ttotal | Status | Flags |
---|---|---|---|---|---|---|
r-devel-linux-x86_64-debian-clang | 0.5.1 | 157.61 | 53.55 | 211.16 | OK | |
r-devel-linux-x86_64-debian-gcc | 0.5.1 | 100.95 | 40.15 | 141.10 | OK | |
r-devel-linux-x86_64-fedora-clang | 0.5.1 | 304.40 | NOTE | |||
r-devel-linux-x86_64-fedora-gcc | 0.5.1 | 266.68 | OK | |||
r-devel-windows-ix86+x86_64 | 0.5.1 | 358.00 | 91.00 | 449.00 | OK | |
r-patched-linux-x86_64 | 0.5.1 | 116.64 | 50.24 | 166.88 | OK | |
r-patched-solaris-x86 | 0.5.1 | 246.00 | OK | |||
r-release-linux-x86_64 | 0.5.1 | 119.50 | 51.71 | 171.21 | OK | |
r-release-macos-x86_64 | 0.5.1 | NOTE | ||||
r-release-windows-ix86+x86_64 | 0.5.1 | 266.00 | 96.00 | 362.00 | OK | |
r-oldrel-macos-x86_64 | 0.5.1 | NOTE | ||||
r-oldrel-windows-ix86+x86_64 | 0.5.1 | 262.00 | 103.00 | 365.00 | OK |
Version: 0.5.1
Check: installed package size
Result: NOTE
installed size is 9.8Mb
sub-directories of 1Mb or more:
libs 9.4Mb
Flavors: r-devel-linux-x86_64-fedora-clang, r-release-macos-x86_64, r-oldrel-macos-x86_64