CRAN Package Check Results for Package ip2proxy

Last updated on 2020-12-04 00:48:24 CET.

Flavor Version Tinstall Tcheck Ttotal Status Flags
r-devel-linux-x86_64-debian-clang 1.0.0 8.02 60.35 68.37 OK
r-devel-linux-x86_64-debian-gcc 1.0.0 6.25 47.86 54.11 OK
r-devel-linux-x86_64-fedora-clang 1.0.0 87.78 NOTE
r-devel-linux-x86_64-fedora-gcc 1.0.0 77.70 NOTE
r-devel-windows-ix86+x86_64 1.0.0 17.00 64.00 81.00 OK
r-patched-linux-x86_64 1.0.0 7.48 58.69 66.17 OK
r-patched-solaris-x86 1.0.0 106.80 NOTE
r-release-linux-x86_64 1.0.0 7.80 56.93 64.73 OK
r-release-macos-x86_64 1.0.0 NOTE
r-release-windows-ix86+x86_64 1.0.0 13.00 78.00 91.00 OK
r-oldrel-macos-x86_64 1.0.0 NOTE
r-oldrel-windows-ix86+x86_64 1.0.0 12.00 73.00 85.00 OK

Check Details

Version: 1.0.0
Check: dependencies in R code
Result: NOTE
    Namespace in Imports field not imported from: ‘stringr’
     All declared Imports should be used.
Flavors: r-devel-linux-x86_64-fedora-clang, r-devel-linux-x86_64-fedora-gcc, r-patched-solaris-x86, r-release-macos-x86_64, r-oldrel-macos-x86_64