CRAN Package Check Results for Package ip2location

Last updated on 2020-12-04 00:48:24 CET.

Flavor Version Tinstall Tcheck Ttotal Status Flags
r-devel-linux-x86_64-debian-clang 8.0.0 7.24 61.05 68.29 OK
r-devel-linux-x86_64-debian-gcc 8.0.0 5.44 50.16 55.60 OK
r-devel-linux-x86_64-fedora-clang 8.0.0 87.23 NOTE
r-devel-linux-x86_64-fedora-gcc 8.0.0 78.06 NOTE
r-devel-windows-ix86+x86_64 8.0.0 16.00 62.00 78.00 OK
r-patched-linux-x86_64 8.0.0 7.79 58.21 66.00 OK
r-patched-solaris-x86 8.0.0 120.20 NOTE
r-release-linux-x86_64 8.0.0 8.39 56.15 64.54 OK
r-release-macos-x86_64 8.0.0 NOTE
r-release-windows-ix86+x86_64 8.0.0 13.00 78.00 91.00 OK
r-oldrel-macos-x86_64 8.0.0 NOTE
r-oldrel-windows-ix86+x86_64 8.0.0 12.00 75.00 87.00 OK

Check Details

Version: 8.0.0
Check: dependencies in R code
Result: NOTE
    Namespace in Imports field not imported from: ‘stringr’
     All declared Imports should be used.
Flavors: r-devel-linux-x86_64-fedora-clang, r-devel-linux-x86_64-fedora-gcc, r-patched-solaris-x86, r-release-macos-x86_64, r-oldrel-macos-x86_64