Last updated on 2020-12-04 00:48:24 CET.
Flavor | Version | Tinstall | Tcheck | Ttotal | Status | Flags |
---|---|---|---|---|---|---|
r-devel-linux-x86_64-debian-clang | 1.0 | 1.92 | 19.34 | 21.26 | NOTE | |
r-devel-linux-x86_64-debian-gcc | 1.0 | 1.59 | 16.65 | 18.24 | NOTE | |
r-devel-linux-x86_64-fedora-clang | 1.0 | 31.69 | NOTE | |||
r-devel-linux-x86_64-fedora-gcc | 1.0 | 22.90 | NOTE | |||
r-devel-windows-ix86+x86_64 | 1.0 | 4.00 | 24.00 | 28.00 | NOTE | |
r-patched-linux-x86_64 | 1.0 | 1.62 | 18.45 | 20.07 | NOTE | |
r-patched-solaris-x86 | 1.0 | 35.70 | NOTE | |||
r-release-linux-x86_64 | 1.0 | 1.77 | 19.19 | 20.96 | NOTE | |
r-release-macos-x86_64 | 1.0 | NOTE | ||||
r-release-windows-ix86+x86_64 | 1.0 | 3.00 | 25.00 | 28.00 | NOTE | |
r-oldrel-macos-x86_64 | 1.0 | NOTE | ||||
r-oldrel-windows-ix86+x86_64 | 1.0 | 4.00 | 35.00 | 39.00 | NOTE |
Version: 1.0
Check: DESCRIPTION meta-information
Result: NOTE
Malformed Title field: should not end in a period.
Flavors: r-devel-linux-x86_64-debian-clang, r-devel-linux-x86_64-debian-gcc, r-devel-linux-x86_64-fedora-clang, r-devel-linux-x86_64-fedora-gcc, r-devel-windows-ix86+x86_64, r-patched-linux-x86_64, r-patched-solaris-x86, r-release-linux-x86_64, r-release-macos-x86_64, r-release-windows-ix86+x86_64, r-oldrel-macos-x86_64, r-oldrel-windows-ix86+x86_64