Last updated on 2020-12-04 00:48:24 CET.
Flavor | Version | Tinstall | Tcheck | Ttotal | Status | Flags |
---|---|---|---|---|---|---|
r-devel-linux-x86_64-debian-clang | 0.3.17 | 2.63 | 62.60 | 65.23 | OK | |
r-devel-linux-x86_64-debian-gcc | 0.3.17 | 2.26 | 40.84 | 43.10 | OK | |
r-devel-linux-x86_64-fedora-clang | 0.3.17 | 83.11 | OK | |||
r-devel-linux-x86_64-fedora-gcc | 0.3.17 | 68.36 | OK | |||
r-devel-windows-ix86+x86_64 | 0.3.17 | 7.00 | 98.00 | 105.00 | OK | |
r-patched-linux-x86_64 | 0.3.17 | 3.06 | 52.10 | 55.16 | OK | |
r-patched-solaris-x86 | 0.3.17 | 123.10 | OK | |||
r-release-linux-x86_64 | 0.3.17 | 3.08 | 53.42 | 56.50 | OK | |
r-release-macos-x86_64 | 0.3.17 | OK | ||||
r-release-windows-ix86+x86_64 | 0.3.16 | 6.00 | 55.00 | 61.00 | OK | |
r-oldrel-macos-x86_64 | 0.3.17 | ERROR | ||||
r-oldrel-windows-ix86+x86_64 | 0.3.17 | 5.00 | 70.00 | 75.00 | OK |
Version: 0.3.17
Check: tests
Result: ERROR
Running ‘tinytest.R’ [18s/19s]
Running the tests in ‘tests/tinytest.R’ failed.
Last 13 lines of output:
Running test_utilities.R.............. 4 tests <1b>[0;32mOK<1b>[0m
Running test_utilities.R.............. 5 tests <1b>[0;32mOK<1b>[0m Error in dyn.unload(new_path) :
shared object '/private/tmp/RtmpuG2pWh/testname.so' was not loaded
Running test_utilities.R.............. 6 tests <1b>[0;31m1 fails<1b>[0m Error in dyn.unload(new_path) :
shared object '/private/tmp/RtmpuG2pWh/testname.so' was not loaded
Running test_utilities.R.............. 7 tests <1b>[0;31m2 fails<1b>[0m
Running test_utilities.R.............. 7 tests <1b>[0;31m2 fails<1b>[0m
Running test_utilities.R.............. 8 tests <1b>[0;31m2 fails<1b>[0m Error in dyn.unload(new_path) :
shared object '/private/tmp/RtmpuG2pWh/testname.so' was not loaded
Error in .local(x, ...) :
Could not unload /private/tmp/RtmpuG2pWh/testname.so
Calls: <Anonymous> ... FUN -> eval -> eval -> moveDLL -> moveDLL -> .local
Execution halted
Flavor: r-oldrel-macos-x86_64