CRAN Package Check Results for Package inlabru

Last updated on 2020-12-04 00:48:24 CET.

Flavor Version Tinstall Tcheck Ttotal Status Flags
r-devel-linux-x86_64-debian-clang 2.1.13 17.19 140.27 157.46 NOTE
r-devel-linux-x86_64-debian-gcc 2.1.13 13.79 104.83 118.62 NOTE
r-devel-linux-x86_64-fedora-clang 2.1.13 187.09 OK
r-devel-linux-x86_64-fedora-gcc 2.1.13 176.31 OK
r-devel-windows-ix86+x86_64 2.1.13 31.00 139.00 170.00 OK
r-patched-linux-x86_64 2.1.13 15.46 128.07 143.53 NOTE
r-patched-solaris-x86 2.1.13 243.10 NOTE
r-release-linux-x86_64 2.1.13 14.49 128.37 142.86 NOTE
r-release-macos-x86_64 2.1.13 NOTE
r-release-windows-ix86+x86_64 2.1.13 22.00 130.00 152.00 OK
r-oldrel-macos-x86_64 2.1.13 NOTE
r-oldrel-windows-ix86+x86_64 2.1.13 30.00 159.00 189.00 OK

Check Details

Version: 2.1.13
Check: package dependencies
Result: NOTE
    Package suggested but not available for checking: 'INLA'
Flavors: r-devel-linux-x86_64-debian-clang, r-devel-linux-x86_64-debian-gcc, r-patched-linux-x86_64, r-patched-solaris-x86, r-release-linux-x86_64, r-release-macos-x86_64, r-oldrel-macos-x86_64

Version: 2.1.13
Check: Rd cross-references
Result: NOTE
    Package unavailable to check Rd xrefs: 'INLA'
Flavors: r-devel-linux-x86_64-debian-clang, r-devel-linux-x86_64-debian-gcc, r-patched-linux-x86_64, r-patched-solaris-x86, r-release-linux-x86_64, r-release-macos-x86_64, r-oldrel-macos-x86_64

Version: 2.1.13
Check: dependencies in R code
Result: NOTE
    No protocol specified
Flavor: r-oldrel-macos-x86_64