CRAN Package Check Results for Package inference

Last updated on 2020-12-04 00:48:24 CET.

Flavor Version Tinstall Tcheck Ttotal Status Flags
r-devel-linux-x86_64-debian-clang 0.1.0 3.93 32.43 36.36 NOTE
r-devel-linux-x86_64-debian-gcc 0.1.0 2.78 25.74 28.52 NOTE
r-devel-linux-x86_64-fedora-clang 0.1.0 49.66 NOTE
r-devel-linux-x86_64-fedora-gcc 0.1.0 40.10 NOTE
r-devel-windows-ix86+x86_64 0.1.0 10.00 38.00 48.00 NOTE
r-patched-linux-x86_64 0.1.0 3.47 32.92 36.39 NOTE
r-patched-solaris-x86 0.1.0 59.00 NOTE
r-release-linux-x86_64 0.1.0 3.49 32.37 35.86 NOTE
r-release-macos-x86_64 0.1.0 NOTE
r-release-windows-ix86+x86_64 0.1.0 8.00 49.00 57.00 NOTE
r-oldrel-macos-x86_64 0.1.0 NOTE
r-oldrel-windows-ix86+x86_64 0.1.0 5.00 43.00 48.00 NOTE

Check Details

Version: 0.1.0
Check: dependencies in R code
Result: NOTE
    Package in Depends field not imported from: 'sandwich'
     These packages need to be imported from (in the NAMESPACE file)
     for when this namespace is loaded but not attached.
Flavors: r-devel-linux-x86_64-debian-clang, r-devel-linux-x86_64-debian-gcc, r-devel-linux-x86_64-fedora-clang, r-devel-linux-x86_64-fedora-gcc, r-devel-windows-ix86+x86_64, r-patched-linux-x86_64, r-patched-solaris-x86, r-release-linux-x86_64, r-release-macos-x86_64, r-release-windows-ix86+x86_64, r-oldrel-macos-x86_64, r-oldrel-windows-ix86+x86_64

Version: 0.1.0
Check: R code for possible problems
Result: NOTE
    infer,coxph: no visible global function definition for 'coef'
    infer,coxph: no visible global function definition for 'vcov'
    infer,coxph: no visible global function definition for 'sandwich'
    infer,coxph: no visible global function definition for 'pnorm'
    infer,coxph: no visible global function definition for 'qnorm'
    infer,gee: no visible global function definition for 'coef'
    infer,gee: no visible global function definition for 'pnorm'
    infer,gee: no visible global function definition for 'qnorm'
    infer,glm: no visible global function definition for 'coef'
    infer,glm: no visible global function definition for 'sandwich'
    infer,glm: no visible global function definition for 'vcov'
    infer,glm: no visible global function definition for 'pnorm'
    infer,glm: no visible global function definition for 'qnorm'
    infer,lm: no visible global function definition for 'coef'
    infer,lm: no visible global function definition for 'sandwich'
    infer,lm: no visible global function definition for 'vcov'
    infer,lm: no visible global function definition for 'pnorm'
    infer,lm: no visible global function definition for 'qnorm'
    infer,lme: no visible global function definition for 'coef'
    infer,lme: no visible global function definition for 'fixed.effects'
    infer,lme: no visible global function definition for 'vcov'
    infer,lme: no visible global function definition for 'pnorm'
    infer,lme: no visible global function definition for 'qnorm'
    infer,mer: no visible global function definition for 'coef'
    infer,mer: no visible global function definition for 'vcov'
    infer,mer: no visible global function definition for 'pnorm'
    infer,mer: no visible global function definition for 'qnorm'
    infer,mer: no visible binding for global variable 'fm1'
    Undefined global functions or variables:
     coef fixed.effects fm1 pnorm qnorm sandwich vcov
    Consider adding
     importFrom("stats", "coef", "pnorm", "qnorm", "vcov")
    to your NAMESPACE file.
Flavors: r-devel-linux-x86_64-debian-clang, r-devel-linux-x86_64-debian-gcc, r-devel-linux-x86_64-fedora-clang, r-devel-linux-x86_64-fedora-gcc, r-devel-windows-ix86+x86_64, r-patched-linux-x86_64, r-patched-solaris-x86, r-release-linux-x86_64, r-release-macos-x86_64, r-release-windows-ix86+x86_64, r-oldrel-macos-x86_64, r-oldrel-windows-ix86+x86_64

Version: 0.1.0
Check: Rd cross-references
Result: NOTE
    Undeclared package ‘gee’ in Rd xrefs
Flavor: r-devel-linux-x86_64-fedora-clang