Last updated on 2020-12-04 00:48:24 CET.
Flavor | Version | Tinstall | Tcheck | Ttotal | Status | Flags |
---|---|---|---|---|---|---|
r-devel-linux-x86_64-debian-clang | 0.6.4 | 28.18 | 34.84 | 63.02 | NOTE | |
r-devel-linux-x86_64-debian-gcc | 0.6.4 | 18.61 | 27.46 | 46.07 | NOTE | |
r-devel-linux-x86_64-fedora-clang | 0.6.4 | 90.44 | NOTE | |||
r-devel-linux-x86_64-fedora-gcc | 0.6.4 | 74.42 | NOTE | |||
r-devel-windows-ix86+x86_64 | 0.6.4 | 71.00 | 68.00 | 139.00 | NOTE | |
r-patched-linux-x86_64 | 0.6.4 | 22.12 | 33.80 | 55.92 | NOTE | |
r-patched-solaris-x86 | 0.6.4 | 84.40 | NOTE | |||
r-release-linux-x86_64 | 0.6.4 | 23.30 | 31.50 | 54.80 | NOTE | |
r-release-macos-x86_64 | 0.6.4 | NOTE | ||||
r-release-windows-ix86+x86_64 | 0.6.4 | 50.00 | 57.00 | 107.00 | NOTE | |
r-oldrel-macos-x86_64 | 0.6.4 | NOTE | ||||
r-oldrel-windows-ix86+x86_64 | 0.6.4 | 51.00 | 67.00 | 118.00 | NOTE |
Version: 0.6.4
Check: dependencies in R code
Result: NOTE
There are ::: calls to the package's namespace in its code. A package
almost never needs to use ::: for its own objects:
'count_compare'
Flavors: r-devel-linux-x86_64-debian-clang, r-devel-linux-x86_64-debian-gcc, r-devel-windows-ix86+x86_64, r-patched-linux-x86_64, r-release-linux-x86_64, r-release-windows-ix86+x86_64, r-oldrel-windows-ix86+x86_64
Version: 0.6.4
Check: dependencies in R code
Result: NOTE
Namespace in Imports field not imported from: ‘DBI’
All declared Imports should be used.
There are ::: calls to the package's namespace in its code. A package
almost never needs to use ::: for its own objects:
‘count_compare’
Flavors: r-devel-linux-x86_64-fedora-clang, r-devel-linux-x86_64-fedora-gcc, r-patched-solaris-x86, r-release-macos-x86_64, r-oldrel-macos-x86_64
Version: 0.6.4
Check: compiled code
Result: NOTE
File ‘imputeMulti/libs/imputeMulti.so’:
Found no calls to: ‘R_registerRoutines’, ‘R_useDynamicSymbols’
It is good practice to register native routines and to disable symbol
search.
See ‘Writing portable packages’ in the ‘Writing R Extensions’ manual.
Flavors: r-devel-linux-x86_64-fedora-clang, r-devel-linux-x86_64-fedora-gcc