CRAN Package Check Results for Package immer

Last updated on 2020-12-04 00:48:24 CET.

Flavor Version Tinstall Tcheck Ttotal Status Flags
r-devel-linux-x86_64-debian-clang 1.1-35 112.14 77.66 189.80 OK
r-devel-linux-x86_64-debian-gcc 1.1-35 71.72 60.76 132.48 OK
r-devel-linux-x86_64-fedora-clang 1.1-35 252.39 NOTE
r-devel-linux-x86_64-fedora-gcc 1.1-35 229.65 OK
r-devel-windows-ix86+x86_64 1.1-35 245.00 116.00 361.00 OK
r-patched-linux-x86_64 1.1-35 88.51 73.22 161.73 OK
r-patched-solaris-x86 1.1-35 239.00 OK
r-release-linux-x86_64 1.1-35 87.89 74.32 162.21 OK
r-release-macos-x86_64 1.1-35 NOTE
r-release-windows-ix86+x86_64 1.1-35 183.00 136.00 319.00 OK
r-oldrel-macos-x86_64 1.1-35 OK
r-oldrel-windows-ix86+x86_64 1.1-35 189.00 127.00 316.00 OK

Check Details

Version: 1.1-35
Check: installed package size
Result: NOTE
     installed size is 6.5Mb
     sub-directories of 1Mb or more:
     libs 5.7Mb
Flavors: r-devel-linux-x86_64-fedora-clang, r-release-macos-x86_64

Version: 1.1-35
Check: Rd cross-references
Result: NOTE
    Undeclared package ‘mirt’ in Rd xrefs
Flavor: r-devel-linux-x86_64-fedora-clang