Last updated on 2020-12-04 00:48:24 CET.
Flavor | Version | Tinstall | Tcheck | Ttotal | Status | Flags |
---|---|---|---|---|---|---|
r-devel-linux-x86_64-debian-clang | 0.9.2 | 40.89 | 379.04 | 419.93 | OK | |
r-devel-linux-x86_64-debian-gcc | 0.9.2 | 34.58 | 294.76 | 329.34 | OK | |
r-devel-linux-x86_64-fedora-clang | 0.9.2 | 542.67 | NOTE | |||
r-devel-linux-x86_64-fedora-gcc | 0.9.2 | 518.43 | NOTE | |||
r-devel-windows-ix86+x86_64 | 0.9.2 | 94.00 | 358.00 | 452.00 | OK | |
r-patched-linux-x86_64 | 0.9.2 | 31.93 | 357.63 | 389.56 | OK | |
r-patched-solaris-x86 | 0.9.2 | 727.80 | NOTE | |||
r-release-linux-x86_64 | 0.9.2 | 30.61 | 363.60 | 394.21 | OK | |
r-release-macos-x86_64 | 0.9.2 | ERROR | ||||
r-release-windows-ix86+x86_64 | 0.9.2 | 69.00 | 335.00 | 404.00 | OK | |
r-oldrel-macos-x86_64 | 0.9.2 | ERROR | ||||
r-oldrel-windows-ix86+x86_64 | 0.9.2 | 15.00 | 7.00 | 22.00 | ERROR |
Version: 0.9.2
Check: dependencies in R code
Result: NOTE
Namespaces in Imports field not imported from:
‘methods’ ‘reshape2’
All declared Imports should be used.
Flavors: r-devel-linux-x86_64-fedora-clang, r-devel-linux-x86_64-fedora-gcc, r-patched-solaris-x86
Version: 0.9.2
Check: package dependencies
Result: ERROR
Package required but not available: ‘clusterProfiler’
See section ‘The DESCRIPTION file’ in the ‘Writing R Extensions’
manual.
Flavors: r-release-macos-x86_64, r-oldrel-macos-x86_64
Version: 0.9.2
Check: whether package can be installed
Result: ERROR
Installation failed.
Flavor: r-oldrel-windows-ix86+x86_64