Last updated on 2020-12-04 00:48:24 CET.
Flavor | Version | Tinstall | Tcheck | Ttotal | Status | Flags |
---|---|---|---|---|---|---|
r-devel-linux-x86_64-debian-clang | 1.3.2 | 101.38 | 70.66 | 172.04 | OK | |
r-devel-linux-x86_64-debian-gcc | 1.3.2 | 57.80 | 56.79 | 114.59 | OK | |
r-devel-linux-x86_64-fedora-clang | 1.3.2 | 235.08 | OK | |||
r-devel-linux-x86_64-fedora-gcc | 1.3.2 | 201.34 | OK | |||
r-devel-windows-ix86+x86_64 | 1.3.2 | 222.00 | 143.00 | 365.00 | OK | |
r-patched-linux-x86_64 | 1.3.2 | 68.09 | 72.18 | 140.27 | OK | |
r-patched-solaris-x86 | 1.3.2 | 223.30 | NOTE | |||
r-release-linux-x86_64 | 1.3.2 | 69.25 | 70.37 | 139.62 | OK | |
r-release-macos-x86_64 | 1.3.2 | OK | ||||
r-release-windows-ix86+x86_64 | 1.3.2 | 164.00 | 123.00 | 287.00 | OK | |
r-oldrel-macos-x86_64 | 1.3.2 | OK | ||||
r-oldrel-windows-ix86+x86_64 | 1.3.2 | 169.00 | 150.00 | 319.00 | OK |
Version: 1.3.2
Check: package dependencies
Result: NOTE
Package suggested but not available for checking: ‘tesseract’
Flavor: r-patched-solaris-x86