CRAN Package Check Results for Package imagefluency

Last updated on 2020-12-04 00:48:24 CET.

Flavor Version Tinstall Tcheck Ttotal Status Flags
r-devel-linux-x86_64-debian-clang 0.2.3 3.92 41.29 45.21 OK
r-devel-linux-x86_64-debian-gcc 0.2.3 3.00 33.84 36.84 OK
r-devel-linux-x86_64-fedora-clang 0.2.3 56.67 NOTE
r-devel-linux-x86_64-fedora-gcc 0.2.3 47.78 OK
r-devel-windows-ix86+x86_64 0.2.3 7.00 83.00 90.00 OK
r-patched-linux-x86_64 0.2.3 3.33 40.31 43.64 OK
r-patched-solaris-x86 0.2.3 78.40 OK
r-release-linux-x86_64 0.2.3 3.99 38.88 42.87 OK
r-release-macos-x86_64 0.2.3 OK
r-release-windows-ix86+x86_64 0.2.3 6.00 81.00 87.00 OK
r-oldrel-macos-x86_64 0.2.3 OK
r-oldrel-windows-ix86+x86_64 0.2.3 4.00 74.00 78.00 OK

Check Details

Version: 0.2.3
Check: Rd cross-references
Result: NOTE
    Undeclared packages ‘bmp’, ‘jpeg’, ‘png’, ‘tiff’ in Rd xrefs
Flavor: r-devel-linux-x86_64-fedora-clang