Last updated on 2020-12-04 00:48:24 CET.
Flavor | Version | Tinstall | Tcheck | Ttotal | Status | Flags |
---|---|---|---|---|---|---|
r-devel-linux-x86_64-debian-clang | 0.1.1 | 23.36 | 34.32 | 57.68 | OK | |
r-devel-linux-x86_64-debian-gcc | 0.1.1 | 18.50 | 28.95 | 47.45 | OK | |
r-devel-linux-x86_64-fedora-clang | 0.1.1 | 82.61 | OK | |||
r-devel-linux-x86_64-fedora-gcc | 0.1.1 | 66.01 | OK | |||
r-devel-windows-ix86+x86_64 | 0.1.1 | 59.00 | 66.00 | 125.00 | OK | |
r-patched-linux-x86_64 | 0.1.1 | 22.63 | 31.54 | 54.17 | OK | |
r-patched-solaris-x86 | 0.1.1 | 4.70 | ERROR | |||
r-release-linux-x86_64 | 0.1.1 | 18.75 | 33.50 | 52.25 | OK | |
r-release-macos-x86_64 | 0.1.1 | OK | ||||
r-release-windows-ix86+x86_64 | 0.1.1 | 44.00 | 83.00 | 127.00 | OK | |
r-oldrel-macos-x86_64 | 0.1.1 | ERROR |
Version: 0.1.1
Check: whether package can be installed
Result: ERROR
Installation failed.
Flavors: r-patched-solaris-x86, r-oldrel-macos-x86_64