Last updated on 2020-12-04 00:48:24 CET.
Flavor | Version | Tinstall | Tcheck | Ttotal | Status | Flags |
---|---|---|---|---|---|---|
r-devel-linux-x86_64-debian-clang | 1.2.6 | 249.13 | 202.24 | 451.37 | OK | |
r-devel-linux-x86_64-debian-gcc | 1.2.6 | 171.27 | 155.11 | 326.38 | OK | |
r-devel-linux-x86_64-fedora-clang | 1.2.6 | 597.19 | NOTE | |||
r-devel-linux-x86_64-fedora-gcc | 1.2.6 | 537.23 | OK | |||
r-devel-windows-ix86+x86_64 | 1.2.6 | 701.00 | 333.00 | 1034.00 | NOTE | |
r-patched-linux-x86_64 | 1.2.6 | 201.95 | 187.75 | 389.70 | OK | |
r-patched-solaris-x86 | 1.2.6 | 651.90 | NOTE | |||
r-release-linux-x86_64 | 1.2.6 | 201.58 | 189.50 | 391.08 | OK | |
r-release-macos-x86_64 | 1.2.6 | NOTE | ||||
r-release-windows-ix86+x86_64 | 1.2.6 | 561.00 | 297.00 | 858.00 | NOTE | |
r-oldrel-macos-x86_64 | 1.2.6 | NOTE | ||||
r-oldrel-windows-ix86+x86_64 | 1.2.6 | 586.00 | 378.00 | 964.00 | NOTE |
Version: 1.2.6
Check: installed package size
Result: NOTE
installed size is 17.7Mb
sub-directories of 1Mb or more:
R 1.4Mb
help 1.1Mb
libs 14.7Mb
Flavors: r-devel-linux-x86_64-fedora-clang, r-devel-windows-ix86+x86_64, r-patched-solaris-x86, r-release-macos-x86_64, r-release-windows-ix86+x86_64, r-oldrel-macos-x86_64, r-oldrel-windows-ix86+x86_64
Version: 1.2.6
Check: dependencies in R code
Result: NOTE
No protocol specified
No protocol specified
Flavor: r-oldrel-macos-x86_64