CRAN Package Check Results for Package ifaTools

Last updated on 2020-12-04 00:48:24 CET.

Flavor Version Tinstall Tcheck Ttotal Status Flags
r-devel-linux-x86_64-debian-clang 0.22 11.98 230.82 242.80 OK
r-devel-linux-x86_64-debian-gcc 0.22 10.60 191.16 201.76 OK
r-devel-linux-x86_64-fedora-clang 0.22 369.18 OK
r-devel-linux-x86_64-fedora-gcc 0.22 282.91 OK
r-devel-windows-ix86+x86_64 0.22 29.00 287.00 316.00 OK
r-patched-linux-x86_64 0.22 11.25 247.33 258.58 OK
r-patched-solaris-x86 0.22 550.50 ERROR
r-release-linux-x86_64 0.22 11.66 633.39 645.05 OK
r-release-macos-x86_64 0.22 OK
r-release-windows-ix86+x86_64 0.22 21.00 253.00 274.00 OK
r-oldrel-macos-x86_64 0.22 OK
r-oldrel-windows-ix86+x86_64 0.22 26.00 259.00 285.00 OK

Check Details

Version: 0.22
Check: examples
Result: ERROR
    Running examples in ‘ifaTools-Ex.R’ failed
    The error most likely occurred in:
    
    > ### Name: univariatePrior
    > ### Title: Univariate priors commonly used in IFA models
    > ### Aliases: univariatePrior
    >
    > ### ** Examples
    >
    > model <- univariatePrior("logit-norm", "x1", -1)
    > model$priorParam$values[1,1] <- -.6
    > model <- mxRun(model)
    Running univariatePrior with 1 parameter
    Error: C stack usage 306484372 is too close to the limit
    Error: The job for model 'univariatePrior' exited abnormally with the error message: User interrupt
    Execution halted
Flavor: r-patched-solaris-x86

Version: 0.22
Check: tests
Result: ERROR
     Running ‘testthat.R’ [329s/273s]
    Running the tests in ‘tests/testthat.R’ failed.
    Complete output:
     > # NOTE: This will not test an uninstalled package.
     > library(testthat)
     > test_check('ifaTools')
     Loading required package: ifaTools
     Loading required package: shiny
     Loading required package: ggplot2
     Loading required package: reshape2
     Loading required package: rpf
     Loading required package: parallel
     Loading required package: OpenMx
     To take full advantage of multiple cores, use:
     mxOption(key='Number of Threads', value=parallel::detectCores()) #now
     Sys.setenv(OMP_NUM_THREADS=parallel::detectCores()) #before library(OpenMx)
     Welcome to ifaTools!
     Use itemModelExplorer() to explore item models.
     Use modelBuilder() to build an IFA model.
     ── Warning (test-addExploratoryFactor.R:76:3): addExploratoryFactors ───────────
     In model 'container1' Optimizer returned a non-zero status code 5. The Hessian at the solution does not appear to be convex. See ?mxCheckIdentification for possible diagnosis (Mx status RED).
    
     ── FAILURE (test-addExploratoryFactor.R:84:3): addExploratoryFactors ───────────
     m1p$output$fit not equal to 33454.39.
     1/1 mismatches
     [1] 66904 - 33454 == 33450
    
     ── Warning (test-addExploratoryFactor.R:87:3): addExploratoryFactors ───────────
     In model 'container2' Optimizer returned a non-zero status code 4. The major iteration limit was reached (Mx status BLUE).
    
     ── FAILURE (test-addExploratoryFactor.R:96:3): addExploratoryFactors ───────────
     m2p$output$fit not equal to 33338.99.
     1/1 mismatches
     [1] 66620 - 33339 == 33281
    
     Error: C stack usage 306484372 is too close to the limit
     ── ERROR (test-prior.R:24:3): univariatePrior ──────────────────────────────────
     Error: The job for model 'univariatePrior' exited abnormally with the error message: User interrupt
     Backtrace:
     █
     1. └─ifaTools:::checkAnalyticDeriv(...) test-prior.R:24:2
     2. └─OpenMx::mxRun(...) test-prior.R:10:2
     3. └─OpenMx:::runHelper(...)
     4. └─OpenMx:::processErrorConditions(model, unsafe, suppressWarnings)
    
     Error: C stack usage 306484372 is too close to the limit
     ── ERROR (test-prior.R:54:3): uniquenessPrior ──────────────────────────────────
     Error: The job for model 'test' exited abnormally with the error message: User interrupt
     Backtrace:
     █
     1. └─ifaTools:::checkAnalyticDeriv(omxAssignFirstParameters(m1)) test-prior.R:54:2
     2. └─OpenMx::mxRun(...) test-prior.R:10:2
     3. └─OpenMx:::runHelper(...)
     4. └─OpenMx:::processErrorConditions(model, unsafe, suppressWarnings)
    
     ══ testthat results ═══════════════════════════════════════════════════════════
     Warning (test-addExploratoryFactor.R:76:3): addExploratoryFactors
     FAILURE (test-addExploratoryFactor.R:84:3): addExploratoryFactors
     Warning (test-addExploratoryFactor.R:87:3): addExploratoryFactors
     FAILURE (test-addExploratoryFactor.R:96:3): addExploratoryFactors
     ERROR (test-prior.R:24:3): univariatePrior
     ERROR (test-prior.R:54:3): uniquenessPrior
    
     [ FAIL 4 | WARN 2 | SKIP 0 | PASS 0 ]
     Error: Test failures
     Execution halted
Flavor: r-patched-solaris-x86

Version: 0.22
Check: re-building of vignette outputs
Result: WARN
    Error(s) in re-building vignettes:
     ...
    --- re-building ‘pritikin-schmidt.Rnw’ using knitr
    Quitting from lines 1347-1404 (pritikin-schmidt.Rnw)
    Error: processing vignette 'pritikin-schmidt.Rnw' failed with diagnostics:
    Fit not achieved
    --- failed re-building ‘pritikin-schmidt.Rnw’
    
    SUMMARY: processing the following file failed:
     ‘pritikin-schmidt.Rnw’
    
    Error: Vignette re-building failed.
    Execution halted
Flavor: r-patched-solaris-x86