CRAN Package Check Results for Package iemisctext

Last updated on 2020-12-04 00:48:24 CET.

Flavor Version Tinstall Tcheck Ttotal Status Flags
r-devel-linux-x86_64-debian-clang 0.9.99 2.07 29.85 31.92 OK
r-devel-linux-x86_64-debian-gcc 0.9.99 1.86 24.09 25.95 OK
r-devel-linux-x86_64-fedora-clang 0.9.99 43.71 NOTE
r-devel-linux-x86_64-fedora-gcc 0.9.99 34.81 NOTE
r-devel-windows-ix86+x86_64 0.9.99 5.00 38.00 43.00 OK
r-patched-linux-x86_64 0.9.99 2.19 29.42 31.61 OK
r-patched-solaris-x86 0.9.99 53.30 NOTE
r-release-linux-x86_64 0.9.99 2.12 29.62 31.74 OK
r-release-macos-x86_64 0.9.99 NOTE
r-release-windows-ix86+x86_64 0.9.99 4.00 47.00 51.00 OK
r-oldrel-macos-x86_64 0.9.99 NOTE
r-oldrel-windows-ix86+x86_64 0.9.99 4.00 44.00 48.00 OK

Check Details

Version: 0.9.99
Check: data for non-ASCII characters
Result: NOTE
     Note: found 40 marked UTF-8 strings
Flavors: r-devel-linux-x86_64-fedora-clang, r-devel-linux-x86_64-fedora-gcc, r-patched-solaris-x86, r-release-macos-x86_64, r-oldrel-macos-x86_64