CRAN Package Check Results for Package iemiscdata

Last updated on 2020-12-04 00:48:24 CET.

Flavor Version Tinstall Tcheck Ttotal Status Flags
r-devel-linux-x86_64-debian-clang 0.6.1 2.53 27.92 30.45 NOTE
r-devel-linux-x86_64-debian-gcc 0.6.1 2.11 24.95 27.06 NOTE
r-devel-linux-x86_64-fedora-clang 0.6.1 43.38 NOTE
r-devel-linux-x86_64-fedora-gcc 0.6.1 33.54 NOTE
r-devel-windows-ix86+x86_64 0.6.1 6.00 39.00 45.00 NOTE
r-patched-linux-x86_64 0.6.1 2.51 27.53 30.04 NOTE
r-patched-solaris-x86 0.6.1 50.40 NOTE
r-release-linux-x86_64 0.6.1 2.54 27.72 30.26 NOTE
r-release-macos-x86_64 0.6.1 NOTE
r-release-windows-ix86+x86_64 0.6.1 6.00 48.00 54.00 NOTE
r-oldrel-macos-x86_64 0.6.1 NOTE
r-oldrel-windows-ix86+x86_64 0.6.1 4.00 43.00 47.00 NOTE

Check Details

Version: 0.6.1
Check: package dependencies
Result: NOTE
    Package suggested but not available for checking: 'ie2miscdata'
Flavors: r-devel-linux-x86_64-debian-clang, r-devel-linux-x86_64-debian-gcc, r-devel-linux-x86_64-fedora-clang, r-devel-linux-x86_64-fedora-gcc, r-devel-windows-ix86+x86_64, r-patched-linux-x86_64, r-patched-solaris-x86, r-release-linux-x86_64, r-release-macos-x86_64, r-release-windows-ix86+x86_64, r-oldrel-macos-x86_64, r-oldrel-windows-ix86+x86_64

Version: 0.6.1
Check: data for non-ASCII characters
Result: NOTE
     Note: found 1 marked UTF-8 string
Flavors: r-devel-linux-x86_64-fedora-clang, r-devel-linux-x86_64-fedora-gcc, r-patched-solaris-x86, r-release-macos-x86_64, r-oldrel-macos-x86_64