CRAN Package Check Results for Package idmodelr

Last updated on 2020-12-04 00:48:24 CET.

Flavor Version Tinstall Tcheck Ttotal Status Flags
r-devel-linux-x86_64-debian-clang 0.3.2 8.92 72.20 81.12 OK
r-devel-linux-x86_64-debian-gcc 0.3.2 7.66 56.55 64.21 OK
r-devel-linux-x86_64-fedora-clang 0.3.2 97.96 OK
r-devel-linux-x86_64-fedora-gcc 0.3.2 92.44 OK
r-devel-windows-ix86+x86_64 0.3.2 16.00 81.00 97.00 OK
r-patched-linux-x86_64 0.3.2 8.95 68.68 77.63 OK
r-patched-solaris-x86 0.3.2 136.70 WARN
r-release-linux-x86_64 0.3.2 7.69 68.83 76.52 OK
r-release-macos-x86_64 0.3.2 WARN
r-release-windows-ix86+x86_64 0.3.2 13.00 76.00 89.00 OK
r-oldrel-macos-x86_64 0.3.2 WARN
r-oldrel-windows-ix86+x86_64 0.3.2 21.00 95.00 116.00 OK

Check Details

Version: 0.3.2
Check: re-building of vignette outputs
Result: WARN
    Error(s) in re-building vignettes:
     ...
    --- re-building ‘model_details.Rmd’ using rmarkdown
    Warning in engine$weave(file, quiet = quiet, encoding = enc) :
     Pandoc (>= 1.12.3) and/or pandoc-citeproc not available. Falling back to R Markdown v1.
    Quitting from lines 25-32 (model_details.Rmd)
    Error: processing vignette 'model_details.Rmd' failed with diagnostics:
    there is no package called 'webshot'
    --- failed re-building ‘model_details.Rmd’
    
    --- re-building ‘parameter_details.Rmd’ using rmarkdown
    Warning in engine$weave(file, quiet = quiet, encoding = enc) :
     Pandoc (>= 1.12.3) and/or pandoc-citeproc not available. Falling back to R Markdown v1.
    Quitting from lines 24-31 (parameter_details.Rmd)
    Error: processing vignette 'parameter_details.Rmd' failed with diagnostics:
    there is no package called 'webshot'
    --- failed re-building ‘parameter_details.Rmd’
    
    --- re-building ‘resources.Rmd’ using rmarkdown
    Warning in engine$weave(file, quiet = quiet, encoding = enc) :
     Pandoc (>= 1.12.3) and/or pandoc-citeproc not available. Falling back to R Markdown v1.
    --- finished re-building ‘resources.Rmd’
    
    SUMMARY: processing the following files failed:
     ‘model_details.Rmd’ ‘parameter_details.Rmd’
    
    Error: Vignette re-building failed.
    Execution halted
Flavor: r-patched-solaris-x86

Version: 0.3.2
Check: re-building of vignette outputs
Result: WARN
    Error(s) in re-building vignettes:
    --- re-building ‘model_details.Rmd’ using rmarkdown
    Warning in engine$weave(file, quiet = quiet, encoding = enc) :
     Pandoc (>= 1.12.3) and/or pandoc-citeproc not available. Falling back to R Markdown v1.
    Quitting from lines 25-32 (model_details.Rmd)
    Error: processing vignette 'model_details.Rmd' failed with diagnostics:
    cannot open the connection
    --- failed re-building ‘model_details.Rmd’
    
    --- re-building ‘parameter_details.Rmd’ using rmarkdown
    Warning in engine$weave(file, quiet = quiet, encoding = enc) :
     Pandoc (>= 1.12.3) and/or pandoc-citeproc not available. Falling back to R Markdown v1.
    Quitting from lines 24-31 (parameter_details.Rmd)
    Error: processing vignette 'parameter_details.Rmd' failed with diagnostics:
    cannot open the connection
    --- failed re-building ‘parameter_details.Rmd’
    
    --- re-building ‘resources.Rmd’ using rmarkdown
    Warning in engine$weave(file, quiet = quiet, encoding = enc) :
     Pandoc (>= 1.12.3) and/or pandoc-citeproc not available. Falling back to R Markdown v1.
    --- finished re-building ‘resources.Rmd’
    
    SUMMARY: processing the following files failed:
     ‘model_details.Rmd’ ‘parameter_details.Rmd’
    
    Error: Vignette re-building failed.
    Execution halted
Flavors: r-release-macos-x86_64, r-oldrel-macos-x86_64