Last updated on 2020-12-04 00:48:24 CET.
Flavor | Version | Tinstall | Tcheck | Ttotal | Status | Flags |
---|---|---|---|---|---|---|
r-devel-linux-x86_64-debian-clang | 1.16.8 | 28.62 | 121.06 | 149.68 | OK | |
r-devel-linux-x86_64-debian-gcc | 1.16.8 | 23.62 | 93.03 | 116.65 | OK | |
r-devel-linux-x86_64-fedora-clang | 1.16.8 | 190.10 | OK | |||
r-devel-linux-x86_64-fedora-gcc | 1.16.8 | 178.50 | OK | |||
r-devel-windows-ix86+x86_64 | 1.16.8 | 43.00 | 132.00 | 175.00 | OK | |
r-patched-linux-x86_64 | 1.16.8 | 25.63 | 113.03 | 138.66 | OK | |
r-patched-solaris-x86 | 1.16.8 | 211.80 | OK | |||
r-release-linux-x86_64 | 1.16.8 | 24.27 | 110.91 | 135.18 | OK | |
r-release-macos-x86_64 | 1.16.8 | NOTE | ||||
r-release-windows-ix86+x86_64 | 1.16.7 | 34.00 | 99.00 | 133.00 | OK | |
r-oldrel-macos-x86_64 | 1.16.8 | OK | ||||
r-oldrel-windows-ix86+x86_64 | 1.16.8 | 36.00 | 102.00 | 138.00 | OK |
Version: 1.16.8
Check: package dependencies
Result: NOTE
Packages suggested but not available for checking: 'ggtree', 'treeio'
Flavor: r-release-macos-x86_64