CRAN Package Check Results for Package ideq

Last updated on 2020-12-04 00:48:24 CET.

Flavor Version Tinstall Tcheck Ttotal Status Flags
r-devel-linux-x86_64-debian-clang 0.1.4 125.81 43.08 168.89 OK
r-devel-linux-x86_64-debian-gcc 0.1.4 83.26 35.84 119.10 OK
r-devel-linux-x86_64-fedora-clang 0.1.4 240.77 NOTE
r-devel-linux-x86_64-fedora-gcc 0.1.4 213.78 OK
r-devel-windows-ix86+x86_64 0.1.4 282.00 85.00 367.00 OK
r-patched-linux-x86_64 0.1.4 95.54 43.89 139.43 OK
r-patched-solaris-x86 0.1.4 186.60 OK
r-release-linux-x86_64 0.1.4 98.62 41.31 139.93 OK
r-release-macos-x86_64 0.1.4 NOTE
r-release-windows-ix86+x86_64 0.1.4 212.00 100.00 312.00 OK
r-oldrel-macos-x86_64 0.1.4 NOTE
r-oldrel-windows-ix86+x86_64 0.1.4 204.00 100.00 304.00 OK

Check Details

Version: 0.1.4
Check: installed package size
Result: NOTE
     installed size is 7.2Mb
     sub-directories of 1Mb or more:
     libs 7.0Mb
Flavors: r-devel-linux-x86_64-fedora-clang, r-release-macos-x86_64, r-oldrel-macos-x86_64